{"id":5311,"date":"2025-07-23T15:25:30","date_gmt":"2025-07-23T13:25:30","guid":{"rendered":"https:\/\/flamaecol.sk\/?post_type=product&#038;p=5311"},"modified":"2025-07-23T15:33:49","modified_gmt":"2025-07-23T13:33:49","slug":"la-nordica-verona-xxl-maiolica","status":"publish","type":"product","link":"https:\/\/flamaecol.sk\/en\/produkt\/la-nordica-verona-xxl-maiolica\/","title":{"rendered":"La Nordica Verona XXL Maiolica"},"content":{"rendered":"<h2>Kuchynsk\u00fd spor\u00e1k Verona XXL Maiolica<\/h2>\n<p><br class=\"avia-permanent-lb\" \/><span class=\"x3jgonx\">Tradi\u010dn\u00e1 kuchy\u0148a v modernom dizajne. <br class=\"avia-permanent-lb\" \/>Verona XXL Maiolica je navrhnut\u00e1 tak, aby ladila s n\u00e1bytkom, pre \u00fapln\u00fa a efekt\u00edvnu integr\u00e1ciu s dekorom. <br class=\"avia-permanent-lb\" \/>Horizont\u00e1lna r\u00fara s objemom 68 litrov, ve\u013ek\u00e9 liatinov\u00e9 platne a ohnisko Nordiker na polen\u00e1 do 50 cm z nej robia funk\u010dn\u00fd a zaria\u010fovac\u00ed prvok do va\u0161ej kuchyne. <br class=\"avia-permanent-lb\" \/><\/span><\/p>\n<p><strong>Popis:<\/strong><\/p>\n<ul>\n<li><span class=\"x3jgonx\">mo\u017enos\u0165 v\u00fd\u0161kovo nastavite\u013enej kon\u0161trukcie<\/span><\/li>\n<li><span class=\"x3jgonx\">objemn\u00e1 smaltovan\u00e1 r\u00fara s objemom 68 l<\/span><\/li>\n<li><span class=\"x3jgonx\">mas\u00edvna liatinov\u00e1 varn\u00e1 plat\u0148a<\/span><\/li>\n<li>opl\u00e1\u0161tenie z mas\u00edvnych kachl\u00ed<\/li>\n<li><span class=\"x3jgonx\">riaden\u00fd pr\u00edvod vzduchu kapil\u00e1rnym termostatom<\/span><\/li>\n<li><span class=\"x3jgonx\">osvetlen\u00e1 r\u00fara<\/span><\/li>\n<li><span class=\"x3jgonx\">integrovan\u00fd teplomer<\/span><\/li>\n<li><span class=\"x3jgonx\">odoln\u00e1 keramick\u00e1 v\u00fdmurovka ohniska Nordiker<\/span><\/li>\n<li><span class=\"x3jgonx\">dvojsklo pri spa\u013eovacej komore \u2013 ochladzovan\u00e9 vzduchom<\/span><\/li>\n<li><span class=\"x3jgonx\">dvojit\u00e9 spa\u013eovanie<\/span><\/li>\n<li><span class=\"x3jgonx\">volite\u013en\u00fd v\u00fdvod dymovodu &#8211; horn\u00fd \/ zadn\u00fd \/ \u013eav\u00fd \/ prav\u00fd<\/span><\/li>\n<li><span class=\"x3jgonx\">mo\u017enos\u0165 ot\u00e1\u010dania dvierok \u013eav\u00e9\/prav\u00e9<\/span><\/li>\n<li><span class=\"x3jgonx\">mo\u017enos\u0165 extern\u00e9ho pr\u00edvodu vzduchu<\/span><br class=\"avia-permanent-lb\" \/><br class=\"avia-permanent-lb\" \/><\/li>\n<\/ul>\n<div><strong>TECHNICK\u00c9 PARAMETRE<\/strong><\/div>\n<div>Menovit\u00fd v\u00fdkon do vzduchu: 7 kW<\/div>\n<div>Rozsah v\u00fdkonu : 4-9 kW<\/div>\n<div>Maxim\u00e1lna hodinov\u00e1 spotreba dreva: 1,9 kg \/ h<\/div>\n<div>Priemer dymovodu: 150 mm<\/div>\n<div>\u00da\u010dinnos\u0165: 85,1 %<\/div>\n<div>Hmotnos\u0165: 200 kg<\/div>\n<div>V\u00fdhrevnos\u0165 priestoru : 220 m\u00b3<\/div>\n<div>Priemer r\u00fary pre pr\u00edvod extern\u00e9ho vzduchu: 100 mm<\/div>\n<div>V\u00fd\u0161ka: 910 mm<\/div>\n<div>\u0160\u00edrka: 800 mm<\/div>\n<div>H\u013abka: 600 mm<\/div>\n<div>Farba: Bord\u00f3,Biela<\/div>\n<div>Ve\u013ekos\u0165 polien: 500 mm<\/div>\n<div>Ve\u013ekos\u0165 pe\u010diacej r\u00fary: 275 x 547 x 450mm<\/div>\n","protected":false},"excerpt":{"rendered":"<p>Kach\u013eov\u00fd kuchynsk\u00fd spor\u00e1k s r\u00farou v spodnej \u010dasti.<\/p>\n","protected":false},"featured_media":5318,"comment_status":"open","ping_status":"closed","template":"","meta":[],"product_brand":[],"product_cat":[216,218,219,263],"product_tag":[],"class_list":{"0":"post-5311","1":"product","2":"type-product","3":"status-publish","4":"has-post-thumbnail","6":"product_cat-sporaky","7":"product_cat-luxusne-sporaky","8":"product_cat-nordica-sporaky","9":"product_cat-akcie","11":"first","12":"instock","13":"sale","14":"taxable","15":"shipping-taxable","16":"purchasable","17":"product-type-simple"},"_links":{"self":[{"href":"https:\/\/flamaecol.sk\/en\/wp-json\/wp\/v2\/product\/5311","targetHints":{"allow":["GET"]}}],"collection":[{"href":"https:\/\/flamaecol.sk\/en\/wp-json\/wp\/v2\/product"}],"about":[{"href":"https:\/\/flamaecol.sk\/en\/wp-json\/wp\/v2\/types\/product"}],"replies":[{"embeddable":true,"href":"https:\/\/flamaecol.sk\/en\/wp-json\/wp\/v2\/comments?post=5311"}],"wp:featuredmedia":[{"embeddable":true,"href":"https:\/\/flamaecol.sk\/en\/wp-json\/wp\/v2\/media\/5318"}],"wp:attachment":[{"href":"https:\/\/flamaecol.sk\/en\/wp-json\/wp\/v2\/media?parent=5311"}],"wp:term":[{"taxonomy":"product_brand","embeddable":true,"href":"https:\/\/flamaecol.sk\/en\/wp-json\/wp\/v2\/product_brand?post=5311"},{"taxonomy":"product_cat","embeddable":true,"href":"https:\/\/flamaecol.sk\/en\/wp-json\/wp\/v2\/product_cat?post=5311"},{"taxonomy":"product_tag","embeddable":true,"href":"https:\/\/flamaecol.sk\/en\/wp-json\/wp\/v2\/product_tag?post=5311"}],"curies":[{"name":"wp","href":"https:\/\/api.w.org\/{rel}","templated":true}]}}

<h2>Kuchynský sporák Verona XXL Maiolica</h2>
<p><br class="avia-permanent-lb" /><span class="x3jgonx">Tradičná kuchyňa v modernom dizajne. <br class="avia-permanent-lb" />Verona XXL Maiolica je navrhnutá tak, aby ladila s nábytkom, pre úplnú a efektívnu integráciu s dekorom. <br class="avia-permanent-lb" />Horizontálna rúra s objemom 68 litrov, veľké liatinové platne a ohnisko Nordiker na polená do 50 cm z nej robia funkčný a zariaďovací prvok do vašej kuchyne. <br class="avia-permanent-lb" /></span></p>
<p><strong>Popis:</strong></p>
<ul>
<li><span class="x3jgonx">možnosť výškovo nastaviteľnej konštrukcie</span></li>
<li><span class="x3jgonx">objemná smaltovaná rúra s objemom 68 l</span></li>
<li><span class="x3jgonx">masívna liatinová varná platňa</span></li>
<li>opláštenie z masívnych kachlí</li>
<li><span class="x3jgonx">riadený prívod vzduchu kapilárnym termostatom</span></li>
<li><span class="x3jgonx">osvetlená rúra</span></li>
<li><span class="x3jgonx">integrovaný teplomer</span></li>
<li><span class="x3jgonx">odolná keramická výmurovka ohniska Nordiker</span></li>
<li><span class="x3jgonx">dvojsklo pri spaľovacej komore – ochladzované vzduchom</span></li>
<li><span class="x3jgonx">dvojité spaľovanie</span></li>
<li><span class="x3jgonx">voliteľný vývod dymovodu &#8211; horný / zadný / ľavý / pravý</span></li>
<li><span class="x3jgonx">možnosť otáčania dvierok ľavé/pravé</span></li>
<li><span class="x3jgonx">možnosť externého prívodu vzduchu</span><br class="avia-permanent-lb" /><br class="avia-permanent-lb" /></li>
</ul>
<div><strong>TECHNICKÉ PARAMETRE</strong></div>
<div>Menovitý výkon do vzduchu: 7 kW</div>
<div>Rozsah výkonu : 4-9 kW</div>
<div>Maximálna hodinová spotreba dreva: 1,9 kg / h</div>
<div>Priemer dymovodu: 150 mm</div>
<div>Účinnosť: 85,1 %</div>
<div>Hmotnosť: 200 kg</div>
<div>Výhrevnosť priestoru : 220 m³</div>
<div>Priemer rúry pre prívod externého vzduchu: 100 mm</div>
<div>Výška: 910 mm</div>
<div>Šírka: 800 mm</div>
<div>Hĺbka: 600 mm</div>
<div>Farba: Bordó,Biela</div>
<div>Veľkosť polien: 500 mm</div>
<div>Veľkosť pečiacej rúry: 275 x 547 x 450mm</div>

<p>Kachľový kuchynský sporák s rúrou v spodnej časti.</p>
