{"id":5291,"date":"2025-07-22T16:38:04","date_gmt":"2025-07-22T14:38:04","guid":{"rendered":"https:\/\/flamaecol.sk\/?post_type=product&#038;p=5291"},"modified":"2025-07-22T16:45:58","modified_gmt":"2025-07-22T14:45:58","slug":"la-nordica-milly-s-priehradkou","status":"publish","type":"product","link":"https:\/\/flamaecol.sk\/en\/produkt\/la-nordica-milly-s-priehradkou\/","title":{"rendered":"La Nordica Milly s priehradkou"},"content":{"rendered":"<h2>Kuchynsk\u00fd spor\u00e1k La Nordica Milly s priehradkou na ohrievanie.<\/h2>\n<p><span class=\"x3jgonx\">Kvalitn\u00fd liatinov\u00fd spor\u00e1k na k\u00farenie drevom a dreven\u00fdmi briketami s presklen\u00fdm ohniskom a dekorat\u00edvnym kach\u013eov\u00fdm obkladom dvierok, zaru\u010duj\u00face n\u00e1dhern\u00fd vzh\u013ead. <br class=\"avia-permanent-lb\" \/>Kach\u013eov\u00e9 oblo\u017eenie je pon\u00fakan\u00e9 v dvoch farebn\u00fdch variantoch \u2013 bord\u00f3 a biela. <br class=\"avia-permanent-lb\" \/>Tento typ spor\u00e1ka sa p\u00fd\u0161i najv\u00e4\u010d\u0161ou r\u00farou na pe\u010denie na trhu s objemom 78 l.\u00a0<br class=\"avia-permanent-lb\" \/>Ako jeden z m\u00e1la spor\u00e1kov na trhu, umo\u017e\u0148uje v zadnej \u010dasti napojenie na extern\u00fd pr\u00edvod vzduchu a ne\u010derp\u00e1 tak vzduch na horenie z miestnosti.<\/span><br \/>\n<span class=\"x3jgonx\">Spor\u00e1k je vybaven\u00fd ohrievacou priehradkou nad plat\u0148u, pre e\u0161te v\u00e4\u010d\u0161ie vyu\u017eitie tepla pri k\u00faren\u00ed. <br class=\"avia-permanent-lb\" \/>Priehradka je vylo\u017een\u00e1 mas\u00edvnymi pr\u00edrodn\u00fdmi kame\u0148mi na akumul\u00e1ciu tepla. <br class=\"avia-permanent-lb\" \/>M\u00f4\u017ee tak sl\u00fa\u017ei\u0165 na ohrev pokrmov, su\u0161enie, dopekanie alebo predhrievanie tanierov. <\/span><\/p>\n<ul>\n<li><span class=\"x3jgonx\">Kach\u013eov\u00fd obklad dvierok spor\u00e1ka<\/span><\/li>\n<li><span class=\"x3jgonx\">Varianty spor\u00e1ka vo farb\u00e1ch bordovej a bielej<\/span><\/li>\n<li><span class=\"x3jgonx\">Obrovsk\u00e1 liatinov\u00e1 varn\u00e1 plat\u0148a<\/span><\/li>\n<li><span class=\"x3jgonx\">Chr\u00f3movan\u00fd r\u00e1m okolo platne<\/span><\/li>\n<li><span class=\"x3jgonx\">Pozinkovan\u00e1 a smaltovan\u00e1 oce\u013e<\/span><\/li>\n<li><span class=\"x3jgonx\">Liatinov\u00e9 ohnisko s keramickou v\u00fdmurovkou<\/span><\/li>\n<li><span class=\"x3jgonx\">Smaltovan\u00e1 r\u00fara s objemom 78 litrov<\/span><\/li>\n<li><span class=\"x3jgonx\">Integrovan\u00fd teplomer r\u00fary na pe\u010denie<\/span><\/li>\n<li><span class=\"x3jgonx\">Integrovan\u00fd v\u00fdsuvn\u00fd \u00falo\u017en\u00fd priestor v spodnej \u010dasti<\/span><\/li>\n<li><span class=\"x3jgonx\">Prep\u00ednacia klapka pre mo\u017enos\u0165 varenia alebo varenia a pe\u010denia<\/span><\/li>\n<li><span class=\"x3jgonx\">Dvojit\u00e9 presklenie spa\u013eovacej komory<\/span><\/li>\n<li><span class=\"x3jgonx\">Vysok\u00e1 \u00fa\u010dinnos\u0165 &gt; 89,1 %<\/span><\/li>\n<\/ul>\n<h2><strong style=\"font-size: 16px\">TECHNICK\u00c9 PARAMETRE<\/strong><\/h2>\n<div>Menovit\u00fd v\u00fdkon do vzduchu: 8,7 kW<\/div>\n<div>Rozsah v\u00fdkonu : 4-13 kW<\/div>\n<div>Maxim\u00e1lna hodinov\u00e1 spotreba dreva: 2,3 kg \/ h<\/div>\n<div>\u00da\u010dinnos\u0165: 89,1 %<\/div>\n<div>Hmotnos\u0165: 269 kg<\/div>\n<div>V\u00fdhrevnos\u0165 priestoru : 238 m\u00b3<\/div>\n<div>Priemer dymovodu : 150 mm<\/div>\n<div>Priemer r\u00fary pre pr\u00edvod extern\u00e9ho vzduchu: 100 mm<\/div>\n<div>V\u00fd\u0161ka: 1565 mm<\/div>\n<div>\u0160\u00edrka: 1050 mm<\/div>\n<div>H\u013abka: 670 mm<\/div>\n<div>Farba: Bord\u00e9o,Biela<\/div>\n<div>Ve\u013ekos\u0165 polien: 450 mm<\/div>\n<div>Ve\u013ekos\u0165 pe\u010diacej r\u00fary: 418 x 436 x 430mm<\/div>\n","protected":false},"excerpt":{"rendered":"<p>Kvalitn\u00fd liatinov\u00fd spor\u00e1k na k\u00farenie drevom s priehradkou na ohrievanie.<\/p>\n","protected":false},"featured_media":5286,"comment_status":"open","ping_status":"closed","template":"","meta":[],"product_brand":[],"product_cat":[216,218,219,263],"product_tag":[],"class_list":{"0":"post-5291","1":"product","2":"type-product","3":"status-publish","4":"has-post-thumbnail","6":"product_cat-sporaky","7":"product_cat-luxusne-sporaky","8":"product_cat-nordica-sporaky","9":"product_cat-akcie","11":"first","12":"instock","13":"sale","14":"taxable","15":"shipping-taxable","16":"purchasable","17":"product-type-simple"},"_links":{"self":[{"href":"https:\/\/flamaecol.sk\/en\/wp-json\/wp\/v2\/product\/5291","targetHints":{"allow":["GET"]}}],"collection":[{"href":"https:\/\/flamaecol.sk\/en\/wp-json\/wp\/v2\/product"}],"about":[{"href":"https:\/\/flamaecol.sk\/en\/wp-json\/wp\/v2\/types\/product"}],"replies":[{"embeddable":true,"href":"https:\/\/flamaecol.sk\/en\/wp-json\/wp\/v2\/comments?post=5291"}],"wp:featuredmedia":[{"embeddable":true,"href":"https:\/\/flamaecol.sk\/en\/wp-json\/wp\/v2\/media\/5286"}],"wp:attachment":[{"href":"https:\/\/flamaecol.sk\/en\/wp-json\/wp\/v2\/media?parent=5291"}],"wp:term":[{"taxonomy":"product_brand","embeddable":true,"href":"https:\/\/flamaecol.sk\/en\/wp-json\/wp\/v2\/product_brand?post=5291"},{"taxonomy":"product_cat","embeddable":true,"href":"https:\/\/flamaecol.sk\/en\/wp-json\/wp\/v2\/product_cat?post=5291"},{"taxonomy":"product_tag","embeddable":true,"href":"https:\/\/flamaecol.sk\/en\/wp-json\/wp\/v2\/product_tag?post=5291"}],"curies":[{"name":"wp","href":"https:\/\/api.w.org\/{rel}","templated":true}]}}

<h2>Kuchynský sporák La Nordica Milly s priehradkou na ohrievanie.</h2>
<p><span class="x3jgonx">Kvalitný liatinový sporák na kúrenie drevom a drevenými briketami s preskleným ohniskom a dekoratívnym kachľovým obkladom dvierok, zaručujúce nádherný vzhľad. <br class="avia-permanent-lb" />Kachľové obloženie je ponúkané v dvoch farebných variantoch – bordó a biela. <br class="avia-permanent-lb" />Tento typ sporáka sa pýši najväčšou rúrou na pečenie na trhu s objemom 78 l. <br class="avia-permanent-lb" />Ako jeden z mála sporákov na trhu, umožňuje v zadnej časti napojenie na externý prívod vzduchu a nečerpá tak vzduch na horenie z miestnosti.</span><br />
<span class="x3jgonx">Sporák je vybavený ohrievacou priehradkou nad platňu, pre ešte väčšie využitie tepla pri kúrení. <br class="avia-permanent-lb" />Priehradka je vyložená masívnymi prírodnými kameňmi na akumuláciu tepla. <br class="avia-permanent-lb" />Môže tak slúžiť na ohrev pokrmov, sušenie, dopekanie alebo predhrievanie tanierov. </span></p>
<ul>
<li><span class="x3jgonx">Kachľový obklad dvierok sporáka</span></li>
<li><span class="x3jgonx">Varianty sporáka vo farbách bordovej a bielej</span></li>
<li><span class="x3jgonx">Obrovská liatinová varná platňa</span></li>
<li><span class="x3jgonx">Chrómovaný rám okolo platne</span></li>
<li><span class="x3jgonx">Pozinkovaná a smaltovaná oceľ</span></li>
<li><span class="x3jgonx">Liatinové ohnisko s keramickou výmurovkou</span></li>
<li><span class="x3jgonx">Smaltovaná rúra s objemom 78 litrov</span></li>
<li><span class="x3jgonx">Integrovaný teplomer rúry na pečenie</span></li>
<li><span class="x3jgonx">Integrovaný výsuvný úložný priestor v spodnej časti</span></li>
<li><span class="x3jgonx">Prepínacia klapka pre možnosť varenia alebo varenia a pečenia</span></li>
<li><span class="x3jgonx">Dvojité presklenie spaľovacej komory</span></li>
<li><span class="x3jgonx">Vysoká účinnosť &gt; 89,1 %</span></li>
</ul>
<h2><strong style="font-size: 16px">TECHNICKÉ PARAMETRE</strong></h2>
<div>Menovitý výkon do vzduchu: 8,7 kW</div>
<div>Rozsah výkonu : 4-13 kW</div>
<div>Maximálna hodinová spotreba dreva: 2,3 kg / h</div>
<div>Účinnosť: 89,1 %</div>
<div>Hmotnosť: 269 kg</div>
<div>Výhrevnosť priestoru : 238 m³</div>
<div>Priemer dymovodu : 150 mm</div>
<div>Priemer rúry pre prívod externého vzduchu: 100 mm</div>
<div>Výška: 1565 mm</div>
<div>Šírka: 1050 mm</div>
<div>Hĺbka: 670 mm</div>
<div>Farba: Bordéo,Biela</div>
<div>Veľkosť polien: 450 mm</div>
<div>Veľkosť pečiacej rúry: 418 x 436 x 430mm</div>

<p>Kvalitný liatinový sporák na kúrenie drevom s priehradkou na ohrievanie.</p>
