{"id":5249,"date":"2025-07-21T16:30:14","date_gmt":"2025-07-21T14:30:14","guid":{"rendered":"https:\/\/flamaecol.sk\/?post_type=product&#038;p=5249"},"modified":"2025-07-21T16:50:47","modified_gmt":"2025-07-21T14:50:47","slug":"la-nordica-jennifer-16","status":"publish","type":"product","link":"https:\/\/flamaecol.sk\/en\/produkt\/la-nordica-jennifer-16\/","title":{"rendered":"La Nordica Jennifer 16"},"content":{"rendered":"<h2>La Nordica Jennifer 16<\/h2>\n<div><\/div>\n<div><span class=\"x3jgonx\">Hlavn\u00fdmi prednos\u0165ami kachl\u00ed je ich mas\u00edvna celo-liatinov\u00e1 kon\u0161trukcia so smaltovanou povrchovou \u00fapravou, ktor\u00e1 zaru\u010duje dlhodob\u00fa \u017eivotnos\u0165 a farebn\u00fa a tvarov\u00fa st\u00e1los\u0165 materi\u00e1lu. \u0160irokouhl\u00e9 ohnisko umo\u017e\u0148uje prikladanie polien s maxim\u00e1lnou d\u013a\u017ekou a\u017e 50 cm. Kachle maj\u00fa liatinov\u00fa pr\u00edrubu s mo\u017enos\u0165ou napojenia na extern\u00fd pr\u00edvod vzduchu. Ich elipsoidn\u00fd tvar podstavy je vhodn\u00fd na in\u0161tal\u00e1ciu k stene aj do rohu. V spodnej \u010dasti kachl\u00ed je \u00falo\u017en\u00fd priestor na drevo alebo krbov\u00e9 n\u00e1radie a r\u00f4zne pr\u00edslu\u0161enstvo. <br class=\"avia-permanent-lb\" \/><\/span><br \/>\n<span class=\"x3jgonx\">Pod ohniskom je \u013eahko pr\u00edstupn\u00fd a vyberate\u013en\u00fd ve\u013ek\u00fd popoln\u00edk. <br class=\"avia-permanent-lb\" \/><\/span><br \/>\n<span class=\"x3jgonx\">Kachle maj\u00fa regulovate\u013en\u00fd prim\u00e1rny a sekund\u00e1rny vzduch. Terci\u00e1lny vzduch je nas\u00e1van\u00fd automaticky vplyvom podtlaku kom\u00ednov\u00e9ho telesa. K\u00farenisko je liatinov\u00e9 doplnen\u00e9 keramick\u00fdmi doskami (Nordiker) pre lep\u0161iu akumul\u00e1ciu tepla a lep\u0161ie parametre a priebeh spa\u013eovania.<\/span> <br class=\"avia-permanent-lb\" \/><br class=\"avia-permanent-lb\" \/><\/div>\n<div><strong>Technick\u00e9 parametre: <br class=\"avia-permanent-lb\" \/><\/strong><\/div>\n<div>Menovit\u00fd v\u00fdkon : 7,7 kw<\/div>\n<div>Maxim\u00e1lna hodinov\u00e1 spotreba dreva: 2,1 kg \/ h<\/div>\n<div>Priemer dymovodu: 120 mm<\/div>\n<div>V\u00fdvod dymovodu: Horn\u00e9<\/div>\n<div>\u00da\u010dinnos\u0165: 81,8%<\/div>\n<div>Hmotnos\u0165: 167 kg<\/div>\n<div>V\u00fd\u0161ka: 870 mm<\/div>\n<div>\u0160\u00edrka: 702 mm<\/div>\n<div>H\u013abka: 478 mm<\/div>\n<div>Typ spa\u013eovania: Trojstup\u0148ov\u00e9<\/div>\n<div>Obklad:Smaltovan\u00e1 liatina<\/div>\n<div>Kon\u0161trukcie spa\u013eovacieho priestoru: Liatina ,Nordiker<\/div>\n<div>Mo\u017enos\u0165 napojenia na exterm\u00fd vzduch<\/div>\n<div>Typ ro\u0161tu: Ploch\u00fd<\/div>\n<div>Popoln\u00edk: Vyberate\u013en\u00fd<\/div>\n<div>Ve\u013ekos\u0165 polien: 50 mm<\/div>\n<div>Prevedenie teplovzdu\u0161n\u00e9<\/div>\n","protected":false},"excerpt":{"rendered":"<p>Liatinov\u00e9 kachle so smaltovanou povrchovou \u00fapravou.<\/p>\n","protected":false},"featured_media":5252,"comment_status":"closed","ping_status":"closed","template":"","meta":[],"product_brand":[],"product_cat":[196,198,205],"product_tag":[],"class_list":{"0":"post-5249","1":"product","2":"type-product","3":"status-publish","4":"has-post-thumbnail","6":"product_cat-liatinove-kachle","7":"product_cat-nordica","8":"product_cat-nordica-krbove-kachle","10":"first","11":"instock","12":"sale","13":"taxable","14":"shipping-taxable","15":"purchasable","16":"product-type-simple"},"_links":{"self":[{"href":"https:\/\/flamaecol.sk\/en\/wp-json\/wp\/v2\/product\/5249","targetHints":{"allow":["GET"]}}],"collection":[{"href":"https:\/\/flamaecol.sk\/en\/wp-json\/wp\/v2\/product"}],"about":[{"href":"https:\/\/flamaecol.sk\/en\/wp-json\/wp\/v2\/types\/product"}],"replies":[{"embeddable":true,"href":"https:\/\/flamaecol.sk\/en\/wp-json\/wp\/v2\/comments?post=5249"}],"wp:featuredmedia":[{"embeddable":true,"href":"https:\/\/flamaecol.sk\/en\/wp-json\/wp\/v2\/media\/5252"}],"wp:attachment":[{"href":"https:\/\/flamaecol.sk\/en\/wp-json\/wp\/v2\/media?parent=5249"}],"wp:term":[{"taxonomy":"product_brand","embeddable":true,"href":"https:\/\/flamaecol.sk\/en\/wp-json\/wp\/v2\/product_brand?post=5249"},{"taxonomy":"product_cat","embeddable":true,"href":"https:\/\/flamaecol.sk\/en\/wp-json\/wp\/v2\/product_cat?post=5249"},{"taxonomy":"product_tag","embeddable":true,"href":"https:\/\/flamaecol.sk\/en\/wp-json\/wp\/v2\/product_tag?post=5249"}],"curies":[{"name":"wp","href":"https:\/\/api.w.org\/{rel}","templated":true}]}}

<h2>La Nordica Jennifer 16</h2>
<div></div>
<div><span class="x3jgonx">Hlavnými prednosťami kachlí je ich masívna celo-liatinová konštrukcia so smaltovanou povrchovou úpravou, ktorá zaručuje dlhodobú životnosť a farebnú a tvarovú stálosť materiálu. Širokouhlé ohnisko umožňuje prikladanie polien s maximálnou dĺžkou až 50 cm. Kachle majú liatinovú prírubu s možnosťou napojenia na externý prívod vzduchu. Ich elipsoidný tvar podstavy je vhodný na inštaláciu k stene aj do rohu. V spodnej časti kachlí je úložný priestor na drevo alebo krbové náradie a rôzne príslušenstvo. <br class="avia-permanent-lb" /></span><br />
<span class="x3jgonx">Pod ohniskom je ľahko prístupný a vyberateľný veľký popolník. <br class="avia-permanent-lb" /></span><br />
<span class="x3jgonx">Kachle majú regulovateľný primárny a sekundárny vzduch. Terciálny vzduch je nasávaný automaticky vplyvom podtlaku komínového telesa. Kúrenisko je liatinové doplnené keramickými doskami (Nordiker) pre lepšiu akumuláciu tepla a lepšie parametre a priebeh spaľovania.</span> <br class="avia-permanent-lb" /><br class="avia-permanent-lb" /></div>
<div><strong>Technické parametre: <br class="avia-permanent-lb" /></strong></div>
<div>Menovitý výkon : 7,7 kw</div>
<div>Maximálna hodinová spotreba dreva: 2,1 kg / h</div>
<div>Priemer dymovodu: 120 mm</div>
<div>Vývod dymovodu: Horné</div>
<div>Účinnosť: 81,8%</div>
<div>Hmotnosť: 167 kg</div>
<div>Výška: 870 mm</div>
<div>Šírka: 702 mm</div>
<div>Hĺbka: 478 mm</div>
<div>Typ spaľovania: Trojstupňové</div>
<div>Obklad:Smaltovaná liatina</div>
<div>Konštrukcie spaľovacieho priestoru: Liatina ,Nordiker</div>
<div>Možnosť napojenia na extermý vzduch</div>
<div>Typ roštu: Plochý</div>
<div>Popolník: Vyberateľný</div>
<div>Veľkosť polien: 50 mm</div>
<div>Prevedenie teplovzdušné</div>

<p>Liatinové kachle so smaltovanou povrchovou úpravou.</p>
