{"id":4583,"date":"2025-01-27T12:29:04","date_gmt":"2025-01-27T10:29:04","guid":{"rendered":"https:\/\/flamaecol.sk\/?post_type=product&#038;p=4583"},"modified":"2025-01-27T13:03:27","modified_gmt":"2025-01-27T11:03:27","slug":"la-nordica-nova-forno","status":"publish","type":"product","link":"https:\/\/flamaecol.sk\/en\/produkt\/la-nordica-nova-forno\/","title":{"rendered":"La Nordica Nova Forno"},"content":{"rendered":"<h2>Krbov\u00e9 kachle s r\u00farou Nova Forno<\/h2>\n<div><\/div>\n<div>Energetick\u00e1 trieda A+<br \/>\nliatinov\u00e9 dvierka s ve\u013ek\u00fdm presklen\u00edm<br \/>\nMateri\u00e1l ohniska &#8211; liatina + Nordiker (Nordiker s\u00fa \u0161peci\u00e1lne \u017eiarobet\u00f3ny so svetl\u00fdm povrchom)<br \/>\nVe\u013emi vysok\u00e1 \u00fa\u010dinnos\u0165 86,4%<br \/>\nRegulovate\u013en\u00fd prim\u00e1rny a sekund\u00e1rny vzduch<br \/>\nTerci\u00e1lny vzduch je prednastaven\u00fd z v\u00fdroby<br \/>\nDvojpl\u00e1\u0161\u0165ov\u00e9 konvek\u010dn\u00e9 kachle<br \/>\nMaxim\u00e1lne rozlo\u017eenie tepla po miestnosti<br \/>\nMo\u017enos\u0165 napojenia na extern\u00fd pr\u00edvod vzduchu<br \/>\nErgonomick\u00e9 madlo dvierok ohniska<\/div>\n<div>integrovan\u00e1 smaltovan\u00e1 r\u00fara s objemom 37 l<br \/>\nsmaltovan\u00e9 liatinov\u00e9 diely<br \/>\nliatinov\u00e1 ohrievacia platni\u010dka<br \/>\nobklad mas\u00edvna keramika<br \/>\nviac farebn\u00fdch variant<br \/>\nakumul\u00e1cia tepla<br \/>\npohybliv\u00fd ro\u0161t <br class=\"avia-permanent-lb\" \/><br class=\"avia-permanent-lb\" \/><\/div>\n<div><\/div>\n<div><\/div>\n<div>TECHNICK\u00c9 PARAMETRE<\/div>\n<ul>\n<li>Menovit\u00fd v\u00fdkon do vzduchu: 11,8 kW<\/li>\n<li>Rozsah v\u00fdkonu (kW) 4 \u2013 13<\/li>\n<li>Maxim\u00e1lna hodinov\u00e1 spotreba dreva: 3,17 kg \/ h<\/li>\n<li>Priemer dymovodu: 150 mm<\/li>\n<li>V\u00fdvod dymovodu: Horn\u00e9<\/li>\n<li>\u00da\u010dinnos\u0165: 86,4%<\/li>\n<li>Hmotnos\u0165: 256 kg<\/li>\n<li>V\u00fdhrevnos\u0165 priestoru a\u017e 340 m\u00b3<\/li>\n<li>Priemer r\u00fary pre pr\u00edvod extern\u00e9ho vzduchu: 120<\/li>\n<li>V\u00fd\u0161ka: 1499 mm<\/li>\n<li>\u0160\u00edrka: 559 mm<\/li>\n<li>H\u013abka: 569 mm<\/li>\n<li>Typ spa\u013eovania: Trojstup\u0148ov\u00e9<\/li>\n<li>Obklad: Kachle- Bord\u00f3, Biela<\/li>\n<li>Kon\u0161trukcie spa\u013eovacieho priestoru: Liatina,Nordiker<\/li>\n<li>Typ ro\u0161tu: Pohybliv\u00fd<\/li>\n<li>Popoln\u00edk: Vyberate\u013en\u00fd<\/li>\n<li>Ve\u013ekos\u0165 polien: 300 mm<\/li>\n<li>Ve\u013ekos\u0165 r\u00fary (V x \u0160 x H) 300x330x370<\/li>\n<li>Prenos tepla: Konvek\u010dn\u00e9<\/li>\n<\/ul>\n","protected":false},"excerpt":{"rendered":"<p>Keramick\u00e9 kachle s r\u00farou na pe\u010denie a platni\u010dkou na ohrev La Nordica Nova Forno.<\/p>\n","protected":false},"featured_media":4584,"comment_status":"closed","ping_status":"closed","template":"","meta":[],"product_brand":[],"product_cat":[201,205],"product_tag":[],"class_list":{"0":"post-4583","1":"product","2":"type-product","3":"status-publish","4":"has-post-thumbnail","6":"product_cat-krbove-kachle","7":"product_cat-nordica-krbove-kachle","9":"first","10":"instock","11":"sale","12":"featured","13":"taxable","14":"shipping-taxable","15":"purchasable","16":"product-type-simple"},"_links":{"self":[{"href":"https:\/\/flamaecol.sk\/en\/wp-json\/wp\/v2\/product\/4583","targetHints":{"allow":["GET"]}}],"collection":[{"href":"https:\/\/flamaecol.sk\/en\/wp-json\/wp\/v2\/product"}],"about":[{"href":"https:\/\/flamaecol.sk\/en\/wp-json\/wp\/v2\/types\/product"}],"replies":[{"embeddable":true,"href":"https:\/\/flamaecol.sk\/en\/wp-json\/wp\/v2\/comments?post=4583"}],"wp:featuredmedia":[{"embeddable":true,"href":"https:\/\/flamaecol.sk\/en\/wp-json\/wp\/v2\/media\/4584"}],"wp:attachment":[{"href":"https:\/\/flamaecol.sk\/en\/wp-json\/wp\/v2\/media?parent=4583"}],"wp:term":[{"taxonomy":"product_brand","embeddable":true,"href":"https:\/\/flamaecol.sk\/en\/wp-json\/wp\/v2\/product_brand?post=4583"},{"taxonomy":"product_cat","embeddable":true,"href":"https:\/\/flamaecol.sk\/en\/wp-json\/wp\/v2\/product_cat?post=4583"},{"taxonomy":"product_tag","embeddable":true,"href":"https:\/\/flamaecol.sk\/en\/wp-json\/wp\/v2\/product_tag?post=4583"}],"curies":[{"name":"wp","href":"https:\/\/api.w.org\/{rel}","templated":true}]}}

<h2>Krbové kachle s rúrou Nova Forno</h2>
<div></div>
<div>Energetická trieda A+<br />
liatinové dvierka s veľkým presklením<br />
Materiál ohniska &#8211; liatina + Nordiker (Nordiker sú špeciálne žiarobetóny so svetlým povrchom)<br />
Veľmi vysoká účinnosť 86,4%<br />
Regulovateľný primárny a sekundárny vzduch<br />
Terciálny vzduch je prednastavený z výroby<br />
Dvojplášťové konvekčné kachle<br />
Maximálne rozloženie tepla po miestnosti<br />
Možnosť napojenia na externý prívod vzduchu<br />
Ergonomické madlo dvierok ohniska</div>
<div>integrovaná smaltovaná rúra s objemom 37 l<br />
smaltované liatinové diely<br />
liatinová ohrievacia platnička<br />
obklad masívna keramika<br />
viac farebných variant<br />
akumulácia tepla<br />
pohyblivý rošt <br class="avia-permanent-lb" /><br class="avia-permanent-lb" /></div>
<div></div>
<div></div>
<div>TECHNICKÉ PARAMETRE</div>
<ul>
<li>Menovitý výkon do vzduchu: 11,8 kW</li>
<li>Rozsah výkonu (kW) 4 – 13</li>
<li>Maximálna hodinová spotreba dreva: 3,17 kg / h</li>
<li>Priemer dymovodu: 150 mm</li>
<li>Vývod dymovodu: Horné</li>
<li>Účinnosť: 86,4%</li>
<li>Hmotnosť: 256 kg</li>
<li>Výhrevnosť priestoru až 340 m³</li>
<li>Priemer rúry pre prívod externého vzduchu: 120</li>
<li>Výška: 1499 mm</li>
<li>Šírka: 559 mm</li>
<li>Hĺbka: 569 mm</li>
<li>Typ spaľovania: Trojstupňové</li>
<li>Obklad: Kachle- Bordó, Biela</li>
<li>Konštrukcie spaľovacieho priestoru: Liatina,Nordiker</li>
<li>Typ roštu: Pohyblivý</li>
<li>Popolník: Vyberateľný</li>
<li>Veľkosť polien: 300 mm</li>
<li>Veľkosť rúry (V x Š x H) 300x330x370</li>
<li>Prenos tepla: Konvekčné</li>
</ul>

<p>Keramické kachle s rúrou na pečenie a platničkou na ohrev La Nordica Nova Forno.</p>
