{"id":3842,"date":"2015-10-25T16:13:33","date_gmt":"2015-10-25T14:13:33","guid":{"rendered":"https:\/\/flamaecol.sk\/produkt\/krbovekachleromotoplugon01-2\/"},"modified":"2025-02-24T16:25:08","modified_gmt":"2025-02-24T14:25:08","slug":"krbove-kachle-romotop-lugon01","status":"publish","type":"product","link":"https:\/\/flamaecol.sk\/en\/produkt\/krbove-kachle-romotop-lugon01\/","title":{"rendered":"Lugo N 01"},"content":{"rendered":"<h2>LUGO N 01 keramika<\/h2>\n<div><\/div>\n<div>Ov\u00e1lny tvar krbov\u00fdch kachl\u00ed LUGO p\u00f4sob\u00ed v interi\u00e9ri \u00fatuln\u00fdm dojmom. <br class=\"avia-permanent-lb\" \/>Pr\u00edjemn\u00fdmi detaily s\u00fa napr\u00edklad odkladac\u00ed parapet nad ohniskom alebo k\u013eu\u010dka dvierok, ktor\u00e1 svoj\u00edm technick\u00fdm rie\u0161en\u00edm i designom d\u00e1va krbov\u00fdm kachliam LUGO elegantn\u00fd vzh\u013ead. <br class=\"avia-permanent-lb\" \/>V\u010faka tomu e\u0161te dlho po vyhasnut\u00ed oh\u0148a v ohnisku odovzd\u00e1va s\u00e1lav\u00e9 teplo do miestnosti. <br class=\"avia-permanent-lb\" \/><br class=\"avia-permanent-lb\" \/><\/div>\n<div>\n<ul>\n<li>CPV &#8211; centr\u00e1lny pr\u00edvod extern\u00e9ho vzduchu<\/li>\n<li>mo\u017enos\u0165 zapojenia horn\u00e9ho alebo zadn\u00e9ho odvodu spal\u00edn<\/li>\n<li>pr\u00edvod sekund\u00e1rneho vzduchu, v\u010faka ktor\u00e9mu je sklo dvierok om\u00fdvan\u00e9, a tak nedoch\u00e1dza k usadzovaniu ne\u010dist\u00f4t<\/li>\n<li>regul\u00e1cia prim\u00e1rneho a sekund\u00e1rneho pr\u00edvodu vzduchu jedin\u00fdm ovl\u00e1dac\u00edm prvkom<\/li>\n<li>uzatv\u00e1rate\u013en\u00fd drevn\u00edk, ktor\u00fd umo\u017e\u0148uje uskladnenie men\u0161ej z\u00e1soby dreva alebo eko-brikiet<\/li>\n<li>akumula\u010dn\u00e1 prvky za pr\u00edplatok<\/li>\n<\/ul>\n<\/div>\n<div>Technick\u00e9 parametre:<\/div>\n<div>V\u00fd\u0161ka 1224 mm<\/div>\n<div>\u0160\u00edrka 550 mm<\/div>\n<div>H\u013abka 438 mm<\/div>\n<div>Hmotnos\u0165 154 kg<\/div>\n<div>Nomin\u00e1lny v\u00fdkon 5,7 kW<\/div>\n<div>Regulovate\u013en\u00e9 v\u00fdkon 2,9 &#8211; 7,4 kW<\/div>\n<div>Priemer dymovodu 150 mm<\/div>\n<div>Priemer CPV 125 mm<\/div>\n<div>V\u00fd\u0161ka osi zadn\u00e9ho v\u00fdvodu 922 mm<\/div>\n<div>\u0164ah 12 Pa<\/div>\n<div>\u00da\u010dinnos\u0165 82%<\/div>\n<div>Priemerne spotreba dreva 1,7 kg \/ h<\/div>\n","protected":false},"excerpt":{"rendered":"<p>Krbov\u00e9 kachle LUGO N s\u00fa vhodn\u00e9 aj pre n\u00edzkoenergetick\u00e9 domy.<\/p>\n","protected":false},"featured_media":4984,"comment_status":"open","ping_status":"closed","template":"","meta":[],"product_brand":[],"product_cat":[201,206,267],"product_tag":[],"class_list":{"0":"post-3842","1":"product","2":"type-product","3":"status-publish","4":"has-post-thumbnail","6":"product_cat-krbove-kachle","7":"product_cat-romotop","8":"product_cat-keramickekachlovepeceromotop","10":"first","11":"onbackorder","12":"taxable","13":"shipping-taxable","14":"purchasable","15":"product-type-simple"},"_links":{"self":[{"href":"https:\/\/flamaecol.sk\/en\/wp-json\/wp\/v2\/product\/3842","targetHints":{"allow":["GET"]}}],"collection":[{"href":"https:\/\/flamaecol.sk\/en\/wp-json\/wp\/v2\/product"}],"about":[{"href":"https:\/\/flamaecol.sk\/en\/wp-json\/wp\/v2\/types\/product"}],"replies":[{"embeddable":true,"href":"https:\/\/flamaecol.sk\/en\/wp-json\/wp\/v2\/comments?post=3842"}],"wp:featuredmedia":[{"embeddable":true,"href":"https:\/\/flamaecol.sk\/en\/wp-json\/wp\/v2\/media\/4984"}],"wp:attachment":[{"href":"https:\/\/flamaecol.sk\/en\/wp-json\/wp\/v2\/media?parent=3842"}],"wp:term":[{"taxonomy":"product_brand","embeddable":true,"href":"https:\/\/flamaecol.sk\/en\/wp-json\/wp\/v2\/product_brand?post=3842"},{"taxonomy":"product_cat","embeddable":true,"href":"https:\/\/flamaecol.sk\/en\/wp-json\/wp\/v2\/product_cat?post=3842"},{"taxonomy":"product_tag","embeddable":true,"href":"https:\/\/flamaecol.sk\/en\/wp-json\/wp\/v2\/product_tag?post=3842"}],"curies":[{"name":"wp","href":"https:\/\/api.w.org\/{rel}","templated":true}]}}

<h2>LUGO N 01 keramika</h2>
<div></div>
<div>Oválny tvar krbových kachlí LUGO pôsobí v interiéri útulným dojmom. <br class="avia-permanent-lb" />Príjemnými detaily sú napríklad odkladací parapet nad ohniskom alebo kľučka dvierok, ktorá svojím technickým riešením i designom dáva krbovým kachliam LUGO elegantný vzhľad. <br class="avia-permanent-lb" />Vďaka tomu ešte dlho po vyhasnutí ohňa v ohnisku odovzdáva sálavé teplo do miestnosti. <br class="avia-permanent-lb" /><br class="avia-permanent-lb" /></div>
<div>
<ul>
<li>CPV &#8211; centrálny prívod externého vzduchu</li>
<li>možnosť zapojenia horného alebo zadného odvodu spalín</li>
<li>prívod sekundárneho vzduchu, vďaka ktorému je sklo dvierok omývané, a tak nedochádza k usadzovaniu nečistôt</li>
<li>regulácia primárneho a sekundárneho prívodu vzduchu jediným ovládacím prvkom</li>
<li>uzatvárateľný drevník, ktorý umožňuje uskladnenie menšej zásoby dreva alebo eko-brikiet</li>
<li>akumulačná prvky za príplatok</li>
</ul>
</div>
<div>Technické parametre:</div>
<div>Výška 1224 mm</div>
<div>Šírka 550 mm</div>
<div>Hĺbka 438 mm</div>
<div>Hmotnosť 154 kg</div>
<div>Nominálny výkon 5,7 kW</div>
<div>Regulovateľné výkon 2,9 &#8211; 7,4 kW</div>
<div>Priemer dymovodu 150 mm</div>
<div>Priemer CPV 125 mm</div>
<div>Výška osi zadného vývodu 922 mm</div>
<div>Ťah 12 Pa</div>
<div>Účinnosť 82%</div>
<div>Priemerne spotreba dreva 1,7 kg / h</div>

<p>Krbové kachle LUGO N sú vhodné aj pre nízkoenergetické domy.</p>
