{"id":3390,"date":"2015-08-23T16:28:41","date_gmt":"2015-08-23T14:28:41","guid":{"rendered":"https:\/\/flamaecol.sk\/produkt\/krbove-kachle-edilkamin-llia-3\/"},"modified":"2015-08-23T16:28:41","modified_gmt":"2015-08-23T14:28:41","slug":"krbove-kachle-edilkamin-llia-3","status":"publish","type":"product","link":"https:\/\/flamaecol.sk\/en\/produkt\/krbove-kachle-edilkamin-llia-3\/","title":{"rendered":"Edilkamin Lilia"},"content":{"rendered":"<h4>Kachle na drevo Edilkamin Lilia<\/h4>\n<p><\/p>\n<p>Teplovzdu\u0161n\u00e9 kachle na drevo s obl\u00fdmi l\u00edniami a priestorom na ohrev pokrmov.<\/p>\n<p>Prirodzen\u00e9 pr\u00fadenie tepl\u00e9ho vzduchu, ohnisko a predn\u00fd diel kompletne z liatiny, priestor na drevo v spodnej \u010dasti kachl\u00ed.<\/p>\n<p>Nov\u00e1 keramika s r\u00f4znou povrchovou \u00fapravou vytv\u00e1ra ve\u013emi pr\u00edjemn\u00fd dizajn. Keramika v bordovej, marhu\u013eovej, \u0161edej a kr\u00e9movej farbe.<\/p>\n<p><\/p>\n<p>Technick\u00e9 \u00fadaje<span class=\"Apple-tab-span\" style=\"white-space:pre\">\t\t\t\t\t<\/span><\/p>\n<p><span class=\"Apple-tab-span\" style=\"white-space:pre\"><br \/><\/span><\/p>\n<p>\u0161\u00edrka<span class=\"Apple-tab-span\" style=\"white-space:pre\">\t<\/span>&nbsp;cm : 60<\/p>\n<p>hlbka&nbsp;<span class=\"Apple-tab-span\" style=\"white-space:pre\">\t<\/span>cm : 48<\/p>\n<p>v\u00fd\u0161ka&nbsp;cm : 94<\/p>\n<p>ohnisko (\u0160 x H x V)cm : 30x30x24<\/p>\n<p>regulovate\u013en\u00fd v\u00fdkon kW :3\/8,5<\/p>\n<p>\u00facinnos t<span class=\"Apple-tab-span\" style=\"white-space:pre\">\t<\/span>% : 78,3<span class=\"Apple-tab-span\" style=\"white-space:pre\">\t\t\t\t<\/span><\/p>\n<p>spotreba dreva kg\/h : 0,8\/2,4<\/p>\n<p>\u00d8 dymovod cm : 13<\/p>\n<p>v\u00fdvod dymovodu : zadn\u00fd ,vrchn\u00fd<span class=\"Apple-tab-span\" style=\"white-space:pre\">\t\t\t\t<\/span><\/p>\n<p>\u00d8 pr\u00edvod vzduchu<span class=\"Apple-tab-span\" style=\"white-space:pre\">\t<\/span>cm : 16<span class=\"Apple-tab-span\" style=\"white-space:pre\">\t\t\t\t<\/span><\/p>\n<p>celkov\u00e1 hmotnos\u0165&nbsp;kg : 140<\/p>\n<p>vykurovan\u00fd priestor m\u00b3 : 220<\/p>\n<p><\/p>\n<p>Kachle na drevo ohrievaj\u00fa vzduch na vykurovanie miestnosti, kde s\u00fa nain\u0161talovan\u00e9, alebo v pr\u00edpade niektor\u00fdch modelov aj pri\u013eahl\u00e9 miestnosti (pomocou teplovzdu\u0161n\u00fdch rozvodov).<\/p>\n<p>Kachle na drevo Edilkamin s\u00fa vrcholom 50 ro\u010dn\u00fdch sk\u00fasenost\u00ed v tomto odvetv\u00ed; optimalizovan\u00e9 spa\u013eovanie, vysok\u00e1 \u00fa\u010dinnos\u0165 a n\u00edzke emisie umo\u017e\u0148uj\u00fa vykurovanie \u0161etrn\u00e9 k \u017eivotn\u00e9mu prostrediu aj k Va\u0161ej pe\u0148a\u017eenke.<\/p>\n<p>Kachle na drevo Edilkamin sa vyr\u00e1baj\u00fa v \u0161irokej \u0161k\u00e1le modelov s r\u00f4znymi v\u00fdkonmi, rozmermi a dizajnom, aby vyhoveli v\u0161etk\u00fdm po\u017eiadavk\u00e1m u\u017e\u00edvate\u013eov.<\/p>\n","protected":false},"excerpt":{"rendered":"<p>Kachle na drevo Edilkamin Lilia Teplovzdu\u0161n\u00e9 kachle na drevo s obl\u00fdmi l\u00edniami a priestorom na ohrev pokrmov. Prirodzen\u00e9 pr\u00fadenie tepl\u00e9ho vzduchu, ohnisko a predn\u00fd diel kompletne z liatiny, priestor na drevo v spodnej \u010dasti kachl\u00ed. Nov\u00e1 keramika s r\u00f4znou povrchovou \u00fapravou vytv\u00e1ra ve\u013emi pr\u00edjemn\u00fd dizajn. Keramika v bordovej, marhu\u013eovej, \u0161edej a kr\u00e9movej farbe. Technick\u00e9 \u00fadaje [&hellip;]<\/p>\n","protected":false},"featured_media":3375,"comment_status":"open","ping_status":"closed","template":"","meta":[],"product_brand":[],"product_cat":[201,202],"product_tag":[],"class_list":{"0":"post-3390","1":"product","2":"type-product","3":"status-publish","4":"has-post-thumbnail","6":"product_cat-krbove-kachle","7":"product_cat-edilkamin","9":"first","10":"instock","11":"taxable","12":"shipping-taxable","13":"purchasable","14":"product-type-simple"},"_links":{"self":[{"href":"https:\/\/flamaecol.sk\/en\/wp-json\/wp\/v2\/product\/3390","targetHints":{"allow":["GET"]}}],"collection":[{"href":"https:\/\/flamaecol.sk\/en\/wp-json\/wp\/v2\/product"}],"about":[{"href":"https:\/\/flamaecol.sk\/en\/wp-json\/wp\/v2\/types\/product"}],"replies":[{"embeddable":true,"href":"https:\/\/flamaecol.sk\/en\/wp-json\/wp\/v2\/comments?post=3390"}],"wp:featuredmedia":[{"embeddable":true,"href":"https:\/\/flamaecol.sk\/en\/wp-json\/wp\/v2\/media\/3375"}],"wp:attachment":[{"href":"https:\/\/flamaecol.sk\/en\/wp-json\/wp\/v2\/media?parent=3390"}],"wp:term":[{"taxonomy":"product_brand","embeddable":true,"href":"https:\/\/flamaecol.sk\/en\/wp-json\/wp\/v2\/product_brand?post=3390"},{"taxonomy":"product_cat","embeddable":true,"href":"https:\/\/flamaecol.sk\/en\/wp-json\/wp\/v2\/product_cat?post=3390"},{"taxonomy":"product_tag","embeddable":true,"href":"https:\/\/flamaecol.sk\/en\/wp-json\/wp\/v2\/product_tag?post=3390"}],"curies":[{"name":"wp","href":"https:\/\/api.w.org\/{rel}","templated":true}]}}

<h4>Kachle na drevo Edilkamin Lilia</h4>
<p></p>
<p>Teplovzdušné kachle na drevo s oblými líniami a priestorom na ohrev pokrmov.</p>
<p>Prirodzené prúdenie teplého vzduchu, ohnisko a predný diel kompletne z liatiny, priestor na drevo v spodnej časti kachlí.</p>
<p>Nová keramika s rôznou povrchovou úpravou vytvára veľmi príjemný dizajn. Keramika v bordovej, marhuľovej, šedej a krémovej farbe.</p>
<p></p>
<p>Technické údaje<span class="Apple-tab-span" style="white-space:pre">					</span></p>
<p><span class="Apple-tab-span" style="white-space:pre"><br /></span></p>
<p>šírka<span class="Apple-tab-span" style="white-space:pre">	</span>&nbsp;cm : 60</p>
<p>hlbka&nbsp;<span class="Apple-tab-span" style="white-space:pre">	</span>cm : 48</p>
<p>výška&nbsp;cm : 94</p>
<p>ohnisko (Š x H x V)cm : 30x30x24</p>
<p>regulovateľný výkon kW :3/8,5</p>
<p>úcinnos t<span class="Apple-tab-span" style="white-space:pre">	</span>% : 78,3<span class="Apple-tab-span" style="white-space:pre">				</span></p>
<p>spotreba dreva kg/h : 0,8/2,4</p>
<p>Ø dymovod cm : 13</p>
<p>vývod dymovodu : zadný ,vrchný<span class="Apple-tab-span" style="white-space:pre">				</span></p>
<p>Ø prívod vzduchu<span class="Apple-tab-span" style="white-space:pre">	</span>cm : 16<span class="Apple-tab-span" style="white-space:pre">				</span></p>
<p>celková hmotnosť&nbsp;kg : 140</p>
<p>vykurovaný priestor m³ : 220</p>
<p></p>
<p>Kachle na drevo ohrievajú vzduch na vykurovanie miestnosti, kde sú nainštalované, alebo v prípade niektorých modelov aj priľahlé miestnosti (pomocou teplovzdušných rozvodov).</p>
<p>Kachle na drevo Edilkamin sú vrcholom 50 ročných skúseností v tomto odvetví; optimalizované spaľovanie, vysoká účinnosť a nízke emisie umožňujú vykurovanie šetrné k životnému prostrediu aj k Vašej peňaženke.</p>
<p>Kachle na drevo Edilkamin sa vyrábajú v širokej škále modelov s rôznymi výkonmi, rozmermi a dizajnom, aby vyhoveli všetkým požiadavkám užívateľov.</p>

<p>Kachle na drevo Edilkamin Lilia Teplovzdušné kachle na drevo s oblými líniami a priestorom na ohrev pokrmov. Prirodzené prúdenie teplého vzduchu, ohnisko a predný diel kompletne z liatiny, priestor na drevo v spodnej časti kachlí. Nová keramika s rôznou povrchovou úpravou vytvára veľmi príjemný dizajn. Keramika v bordovej, marhuľovej, šedej a krémovej farbe. Technické údaje [&hellip;]</p>
