{"id":3353,"date":"2015-08-23T14:03:57","date_gmt":"2015-08-23T12:03:57","guid":{"rendered":"https:\/\/flamaecol.sk\/produkt\/krbove-kachle-edilkamin-lux-2\/"},"modified":"2015-08-23T14:03:57","modified_gmt":"2015-08-23T12:03:57","slug":"krbove-kachle-edilkamin-lux-2","status":"publish","type":"product","link":"https:\/\/flamaecol.sk\/en\/produkt\/krbove-kachle-edilkamin-lux-2\/","title":{"rendered":"Edilkamin Lux"},"content":{"rendered":"<h4>Kachle na drevo Edilkamin Lux<\/h4>\n<p><\/p>\n<p>Teplovzdu\u0161n\u00e9 kachle na drevo s oce\u013eov\u00fdmi bokmi tmavo \u0161edej farby a \u0161pir\u00e1lovou dekor\u00e1ciou, topom a vlo\u017ekami z tmavo \u0161edej keramiky a dvierkami z \u010dierneho skla.<\/p>\n<p>Ohriaty vzduch m\u00f4\u017ee by\u0165 rozveden\u00fd a\u017e do dvoch susedn\u00fdch miestnost\u00ed. Kon\u0161trukcia a predn\u00fd diel z liatiny.<\/p>\n<p><\/p>\n<p>Technick\u00e9 \u00fadaje<span class=\"Apple-tab-span\" style=\"white-space:pre\">\t\t\t\t\t<\/span><\/p>\n<p><span class=\"Apple-tab-span\" style=\"white-space:pre\"><br \/><\/span><\/p>\n<p>\u0161\u00edrka<span class=\"Apple-tab-span\" style=\"white-space:pre\">\t<\/span>&nbsp;cm : 68<span class=\"Apple-tab-span\" style=\"white-space:pre\">\t\t\t\t<\/span><\/p>\n<p>hlbka&nbsp;<span class=\"Apple-tab-span\" style=\"white-space:pre\">\t<\/span>cm : 53<span class=\"Apple-tab-span\" style=\"white-space:pre\">\t\t\t\t<\/span><\/p>\n<p>v\u00fd\u0161ka&nbsp;cm : 115<span class=\"Apple-tab-span\" style=\"white-space:pre\">\t\t\t\t<\/span><\/p>\n<p>ohnisko (\u0160 x H x V)cm : 26x31x25<span class=\"Apple-tab-span\" style=\"white-space:pre\">\t\t\t\t<\/span><\/p>\n<p>regulovate\u013en\u00fd v\u00fdkon kW :5\/11<span class=\"Apple-tab-span\" style=\"white-space:pre\">\t\t\t\t<\/span><\/p>\n<p>\u00facinnos t<span class=\"Apple-tab-span\" style=\"white-space:pre\">\t<\/span>% : 77,2<span class=\"Apple-tab-span\" style=\"white-space:pre\">\t\t\t\t<\/span><\/p>\n<p>spotreba dreva kg\/h : 1,4\/3,1<span class=\"Apple-tab-span\" style=\"white-space:pre\">\t\t\t\t<\/span><\/p>\n<p>\u00d8 dymovod cm : 15<\/p>\n<p>v\u00fdvod dymovodu : zadn\u00fd ,vrchn\u00fd<span class=\"Apple-tab-span\" style=\"white-space:pre\">\t\t\t\t<\/span><\/p>\n<p>\u00d8 pr\u00edvod vzduchu<span class=\"Apple-tab-span\" style=\"white-space:pre\">\t<\/span>cm : 16<span class=\"Apple-tab-span\" style=\"white-space:pre\">\t\t\t\t<\/span><\/p>\n<p>celkov\u00e1 hmotnos\u0165&nbsp;kg : 201<\/p>\n<p>vykurovan\u00fd priestor m\u00b3 : 285<\/p>\n<p><\/p>\n<p>Popis :<\/p>\n<\/p>\n<ul>\n<li>Ohnisko z Ecokeram\u00ae<\/li>\n<li>V\u00fdstup dymovodu zadn\u00fd a horn\u00fd<\/li>\n<li>Prirodzen\u00e1 cirkul\u00e1cia vzduchu<\/li>\n<li>Syst\u00e9m na \u010distenie skla<\/li>\n<li>Dvojit\u00e9 spa\u013eovanie<\/li>\n<li>Dva zadn\u00e9 v\u00fdstupy pre teplovzdu\u0161n\u00e9 rozvody<\/li>\n<li>Extern\u00fd pr\u00edvod vzduchu pre spa\u013eovanie<\/li>\n<li>Termostatick\u00fd ventil pre regul\u00e1ciu spa\u013eovania.<\/li>\n<\/ul>\n<p><\/p>\n<p>DOPLNKOV\u00c9 PR\u00cdSLU\u0160ENSTVO:<\/p>\n<p>Kit pre teplovzdu\u0161n\u00e9 rozvody<\/p>\n<p><\/p>\n<p>Kachle na drevo ohrievaj\u00fa vzduch na vykurovanie miestnosti, kde s\u00fa nain\u0161talovan\u00e9, alebo v pr\u00edpade niektor\u00fdch modelov aj pri\u013eahl\u00e9 miestnosti (pomocou teplovzdu\u0161n\u00fdch rozvodov).<\/p>\n<p>Kachle na drevo Edilkamin s\u00fa vrcholom 50 ro\u010dn\u00fdch sk\u00fasenost\u00ed v tomto odvetv\u00ed; optimalizovan\u00e9 spa\u013eovanie, vysok\u00e1 \u00fa\u010dinnos\u0165 a n\u00edzke emisie umo\u017e\u0148uj\u00fa vykurovanie \u0161etrn\u00e9 k \u017eivotn\u00e9mu prostrediu aj k Va\u0161ej pe\u0148a\u017eenke.<\/p>\n<p>Kachle na drevo Edilkamin sa vyr\u00e1baj\u00fa v \u0161irokej \u0161k\u00e1le modelov s r\u00f4znymi v\u00fdkonmi, rozmermi a dizajnom, aby vyhoveli v\u0161etk\u00fdm po\u017eiadavk\u00e1m u\u017e\u00edvate\u013eov.<\/p>\n","protected":false},"excerpt":{"rendered":"<p>Kachle na drevo Edilkamin Lux Teplovzdu\u0161n\u00e9 kachle na drevo s oce\u013eov\u00fdmi bokmi tmavo \u0161edej farby a \u0161pir\u00e1lovou dekor\u00e1ciou, topom a vlo\u017ekami z tmavo \u0161edej keramiky a dvierkami z \u010dierneho skla. Ohriaty vzduch m\u00f4\u017ee by\u0165 rozveden\u00fd a\u017e do dvoch susedn\u00fdch miestnost\u00ed. Kon\u0161trukcia a predn\u00fd diel z liatiny. Technick\u00e9 \u00fadaje \u0161\u00edrka &nbsp;cm : 68 hlbka&nbsp; cm : [&hellip;]<\/p>\n","protected":false},"featured_media":3349,"comment_status":"open","ping_status":"closed","template":"","meta":[],"product_brand":[],"product_cat":[201,202],"product_tag":[],"class_list":{"0":"post-3353","1":"product","2":"type-product","3":"status-publish","4":"has-post-thumbnail","6":"product_cat-krbove-kachle","7":"product_cat-edilkamin","9":"first","10":"instock","11":"taxable","12":"shipping-taxable","13":"purchasable","14":"product-type-simple"},"_links":{"self":[{"href":"https:\/\/flamaecol.sk\/en\/wp-json\/wp\/v2\/product\/3353","targetHints":{"allow":["GET"]}}],"collection":[{"href":"https:\/\/flamaecol.sk\/en\/wp-json\/wp\/v2\/product"}],"about":[{"href":"https:\/\/flamaecol.sk\/en\/wp-json\/wp\/v2\/types\/product"}],"replies":[{"embeddable":true,"href":"https:\/\/flamaecol.sk\/en\/wp-json\/wp\/v2\/comments?post=3353"}],"wp:featuredmedia":[{"embeddable":true,"href":"https:\/\/flamaecol.sk\/en\/wp-json\/wp\/v2\/media\/3349"}],"wp:attachment":[{"href":"https:\/\/flamaecol.sk\/en\/wp-json\/wp\/v2\/media?parent=3353"}],"wp:term":[{"taxonomy":"product_brand","embeddable":true,"href":"https:\/\/flamaecol.sk\/en\/wp-json\/wp\/v2\/product_brand?post=3353"},{"taxonomy":"product_cat","embeddable":true,"href":"https:\/\/flamaecol.sk\/en\/wp-json\/wp\/v2\/product_cat?post=3353"},{"taxonomy":"product_tag","embeddable":true,"href":"https:\/\/flamaecol.sk\/en\/wp-json\/wp\/v2\/product_tag?post=3353"}],"curies":[{"name":"wp","href":"https:\/\/api.w.org\/{rel}","templated":true}]}}

<h4>Kachle na drevo Edilkamin Lux</h4>
<p></p>
<p>Teplovzdušné kachle na drevo s oceľovými bokmi tmavo šedej farby a špirálovou dekoráciou, topom a vložkami z tmavo šedej keramiky a dvierkami z čierneho skla.</p>
<p>Ohriaty vzduch môže byť rozvedený až do dvoch susedných miestností. Konštrukcia a predný diel z liatiny.</p>
<p></p>
<p>Technické údaje<span class="Apple-tab-span" style="white-space:pre">					</span></p>
<p><span class="Apple-tab-span" style="white-space:pre"><br /></span></p>
<p>šírka<span class="Apple-tab-span" style="white-space:pre">	</span>&nbsp;cm : 68<span class="Apple-tab-span" style="white-space:pre">				</span></p>
<p>hlbka&nbsp;<span class="Apple-tab-span" style="white-space:pre">	</span>cm : 53<span class="Apple-tab-span" style="white-space:pre">				</span></p>
<p>výška&nbsp;cm : 115<span class="Apple-tab-span" style="white-space:pre">				</span></p>
<p>ohnisko (Š x H x V)cm : 26x31x25<span class="Apple-tab-span" style="white-space:pre">				</span></p>
<p>regulovateľný výkon kW :5/11<span class="Apple-tab-span" style="white-space:pre">				</span></p>
<p>úcinnos t<span class="Apple-tab-span" style="white-space:pre">	</span>% : 77,2<span class="Apple-tab-span" style="white-space:pre">				</span></p>
<p>spotreba dreva kg/h : 1,4/3,1<span class="Apple-tab-span" style="white-space:pre">				</span></p>
<p>Ø dymovod cm : 15</p>
<p>vývod dymovodu : zadný ,vrchný<span class="Apple-tab-span" style="white-space:pre">				</span></p>
<p>Ø prívod vzduchu<span class="Apple-tab-span" style="white-space:pre">	</span>cm : 16<span class="Apple-tab-span" style="white-space:pre">				</span></p>
<p>celková hmotnosť&nbsp;kg : 201</p>
<p>vykurovaný priestor m³ : 285</p>
<p></p>
<p>Popis :</p>
</p>
<ul>
<li>Ohnisko z Ecokeram®</li>
<li>Výstup dymovodu zadný a horný</li>
<li>Prirodzená cirkulácia vzduchu</li>
<li>Systém na čistenie skla</li>
<li>Dvojité spaľovanie</li>
<li>Dva zadné výstupy pre teplovzdušné rozvody</li>
<li>Externý prívod vzduchu pre spaľovanie</li>
<li>Termostatický ventil pre reguláciu spaľovania.</li>
</ul>
<p></p>
<p>DOPLNKOVÉ PRÍSLUŠENSTVO:</p>
<p>Kit pre teplovzdušné rozvody</p>
<p></p>
<p>Kachle na drevo ohrievajú vzduch na vykurovanie miestnosti, kde sú nainštalované, alebo v prípade niektorých modelov aj priľahlé miestnosti (pomocou teplovzdušných rozvodov).</p>
<p>Kachle na drevo Edilkamin sú vrcholom 50 ročných skúseností v tomto odvetví; optimalizované spaľovanie, vysoká účinnosť a nízke emisie umožňujú vykurovanie šetrné k životnému prostrediu aj k Vašej peňaženke.</p>
<p>Kachle na drevo Edilkamin sa vyrábajú v širokej škále modelov s rôznymi výkonmi, rozmermi a dizajnom, aby vyhoveli všetkým požiadavkám užívateľov.</p>

<p>Kachle na drevo Edilkamin Lux Teplovzdušné kachle na drevo s oceľovými bokmi tmavo šedej farby a špirálovou dekoráciou, topom a vložkami z tmavo šedej keramiky a dvierkami z čierneho skla. Ohriaty vzduch môže byť rozvedený až do dvoch susedných miestností. Konštrukcia a predný diel z liatiny. Technické údaje šírka &nbsp;cm : 68 hlbka&nbsp; cm : [&hellip;]</p>
