{"id":3351,"date":"2015-08-23T13:19:17","date_gmt":"2015-08-23T11:19:17","guid":{"rendered":"https:\/\/flamaecol.sk\/produkt\/edilkamin-glam-2\/"},"modified":"2025-01-12T14:33:15","modified_gmt":"2025-01-12T12:33:15","slug":"edilkamin-glam-2","status":"publish","type":"product","link":"https:\/\/flamaecol.sk\/en\/produkt\/edilkamin-glam-2\/","title":{"rendered":"Edilkamin Glam"},"content":{"rendered":"<h4>Kachle na drevo Edilkamin Glam<\/h4>\n<p>&nbsp;<\/p>\n<p>Technick\u00e9 \u00fadaje<\/p>\n<p><span class=\"Apple-tab-span\" style=\"white-space: pre;\">\u00a0<\/span><\/p>\n<p>\u0161\u00edrka\u00a0cm : 68<\/p>\n<p>hlbka\u00a0cm : 53<\/p>\n<p>v\u00fd\u0161ka\u00a0cm : 115<\/p>\n<p>ohnisko (\u0160 x H x V)cm : 26x31x25<\/p>\n<p>regulovate\u013en\u00fd v\u00fdkon kW :5\/11<\/p>\n<p>\u00facinnos t% : 77,2<\/p>\n<p>spotreba dreva kg\/h : 1,4\/3,1<\/p>\n<p>\u00d8 dymovod cm : 15<\/p>\n<p>v\u00fdvod dymovodu : zadn\u00fd ,vrchn\u00fd<\/p>\n<p>\u00d8 pr\u00edvod vzduchucm : 16<\/p>\n<p>celkov\u00e1 hmotnos\u0165\u00a0kg : 260<\/p>\n<p>vykurovan\u00fd priestor m\u00b3 : 285<\/p>\n<p>&nbsp;<\/p>\n<p>Teplovzdu\u0161n\u00e9 kachle na drevo s vrchn\u00fdm dielom a vlo\u017ekami z mastenca a s dvierkami z \u010dierneho skla.<\/p>\n<p>Ohriaty vzduch m\u00f4\u017ee by\u0165 rozveden\u00fd a\u017e do dvoch susedn\u00fdch miestnost\u00ed. Kon\u0161trukcia a predn\u00fd diel z liatiny.<\/p>\n<p>&nbsp;<\/p>\n<p>Popis :<\/p>\n<ul>\n<li>Ohnisko z Ecokeram\u00ae<\/li>\n<li>V\u00fdstup dymovodu zadn\u00fd a horn\u00fd<\/li>\n<li>Prirodzen\u00e1 cirkul\u00e1cia vzduchu<\/li>\n<li>Syst\u00e9m na \u010distenie skla<\/li>\n<li>Dvojit\u00e9 spa\u013eovanie<\/li>\n<li>Dva zadn\u00e9 v\u00fdstupy pre teplovzdu\u0161n\u00e9 rozvody<\/li>\n<li>Extern\u00fd pr\u00edvod vzduchu pre spa\u013eovanie<\/li>\n<li>Termostatick\u00fd ventil pre regul\u00e1ciu spa\u013eovania.<\/li>\n<\/ul>\n<p>&nbsp;<\/p>\n<p>DOPLNKOV\u00c9 PR\u00cdSLU\u0160ENSTVO:<\/p>\n<p>Kit pre teplovzdu\u0161n\u00e9 rozvody<\/p>\n<p>&nbsp;<\/p>\n<p>Kachle na drevo ohrievaj\u00fa vzduch na vykurovanie miestnosti, kde s\u00fa nain\u0161talovan\u00e9, alebo v pr\u00edpade niektor\u00fdch modelov aj pri\u013eahl\u00e9 miestnosti (pomocou teplovzdu\u0161n\u00fdch rozvodov).<\/p>\n<p>Kachle na drevo Edilkamin s\u00fa vrcholom 50 ro\u010dn\u00fdch sk\u00fasenost\u00ed v tomto odvetv\u00ed; optimalizovan\u00e9 spa\u013eovanie, vysok\u00e1 \u00fa\u010dinnos\u0165 a n\u00edzke emisie umo\u017e\u0148uj\u00fa vykurovanie \u0161etrn\u00e9 k \u017eivotn\u00e9mu prostrediu aj k Va\u0161ej pe\u0148a\u017eenke.<\/p>\n<p>Kachle na drevo Edilkamin sa vyr\u00e1baj\u00fa v \u0161irokej \u0161k\u00e1le modelov s r\u00f4znymi v\u00fdkonmi, rozmermi a dizajnom, aby vyhoveli v\u0161etk\u00fdm po\u017eiadavk\u00e1m u\u017e\u00edvate\u013eov.<\/p>\n","protected":false},"excerpt":{"rendered":"<p>Kachle na drevo Edilkamin Glam &nbsp; Technick\u00e9 \u00fadaje \u00a0 \u0161\u00edrka\u00a0cm : 68 hlbka\u00a0cm : 53 v\u00fd\u0161ka\u00a0cm : 115 ohnisko (\u0160 x H x V)cm : 26x31x25 regulovate\u013en\u00fd v\u00fdkon kW :5\/11 \u00facinnos t% : 77,2 spotreba dreva kg\/h : 1,4\/3,1 \u00d8 dymovod cm : 15 v\u00fdvod dymovodu : zadn\u00fd ,vrchn\u00fd \u00d8 pr\u00edvod vzduchucm : 16 celkov\u00e1 [&hellip;]<\/p>\n","protected":false},"featured_media":3343,"comment_status":"closed","ping_status":"closed","template":"","meta":[],"product_brand":[],"product_cat":[201,202],"product_tag":[],"class_list":{"0":"post-3351","1":"product","2":"type-product","3":"status-publish","4":"has-post-thumbnail","6":"product_cat-krbove-kachle","7":"product_cat-edilkamin","9":"first","10":"instock","11":"taxable","12":"shipping-taxable","13":"purchasable","14":"product-type-simple"},"_links":{"self":[{"href":"https:\/\/flamaecol.sk\/en\/wp-json\/wp\/v2\/product\/3351","targetHints":{"allow":["GET"]}}],"collection":[{"href":"https:\/\/flamaecol.sk\/en\/wp-json\/wp\/v2\/product"}],"about":[{"href":"https:\/\/flamaecol.sk\/en\/wp-json\/wp\/v2\/types\/product"}],"replies":[{"embeddable":true,"href":"https:\/\/flamaecol.sk\/en\/wp-json\/wp\/v2\/comments?post=3351"}],"wp:featuredmedia":[{"embeddable":true,"href":"https:\/\/flamaecol.sk\/en\/wp-json\/wp\/v2\/media\/3343"}],"wp:attachment":[{"href":"https:\/\/flamaecol.sk\/en\/wp-json\/wp\/v2\/media?parent=3351"}],"wp:term":[{"taxonomy":"product_brand","embeddable":true,"href":"https:\/\/flamaecol.sk\/en\/wp-json\/wp\/v2\/product_brand?post=3351"},{"taxonomy":"product_cat","embeddable":true,"href":"https:\/\/flamaecol.sk\/en\/wp-json\/wp\/v2\/product_cat?post=3351"},{"taxonomy":"product_tag","embeddable":true,"href":"https:\/\/flamaecol.sk\/en\/wp-json\/wp\/v2\/product_tag?post=3351"}],"curies":[{"name":"wp","href":"https:\/\/api.w.org\/{rel}","templated":true}]}}

<h4>Kachle na drevo Edilkamin Glam</h4>
<p>&nbsp;</p>
<p>Technické údaje</p>
<p><span class="Apple-tab-span" style="white-space: pre;"> </span></p>
<p>šírka cm : 68</p>
<p>hlbka cm : 53</p>
<p>výška cm : 115</p>
<p>ohnisko (Š x H x V)cm : 26x31x25</p>
<p>regulovateľný výkon kW :5/11</p>
<p>úcinnos t% : 77,2</p>
<p>spotreba dreva kg/h : 1,4/3,1</p>
<p>Ø dymovod cm : 15</p>
<p>vývod dymovodu : zadný ,vrchný</p>
<p>Ø prívod vzduchucm : 16</p>
<p>celková hmotnosť kg : 260</p>
<p>vykurovaný priestor m³ : 285</p>
<p>&nbsp;</p>
<p>Teplovzdušné kachle na drevo s vrchným dielom a vložkami z mastenca a s dvierkami z čierneho skla.</p>
<p>Ohriaty vzduch môže byť rozvedený až do dvoch susedných miestností. Konštrukcia a predný diel z liatiny.</p>
<p>&nbsp;</p>
<p>Popis :</p>
<ul>
<li>Ohnisko z Ecokeram®</li>
<li>Výstup dymovodu zadný a horný</li>
<li>Prirodzená cirkulácia vzduchu</li>
<li>Systém na čistenie skla</li>
<li>Dvojité spaľovanie</li>
<li>Dva zadné výstupy pre teplovzdušné rozvody</li>
<li>Externý prívod vzduchu pre spaľovanie</li>
<li>Termostatický ventil pre reguláciu spaľovania.</li>
</ul>
<p>&nbsp;</p>
<p>DOPLNKOVÉ PRÍSLUŠENSTVO:</p>
<p>Kit pre teplovzdušné rozvody</p>
<p>&nbsp;</p>
<p>Kachle na drevo ohrievajú vzduch na vykurovanie miestnosti, kde sú nainštalované, alebo v prípade niektorých modelov aj priľahlé miestnosti (pomocou teplovzdušných rozvodov).</p>
<p>Kachle na drevo Edilkamin sú vrcholom 50 ročných skúseností v tomto odvetví; optimalizované spaľovanie, vysoká účinnosť a nízke emisie umožňujú vykurovanie šetrné k životnému prostrediu aj k Vašej peňaženke.</p>
<p>Kachle na drevo Edilkamin sa vyrábajú v širokej škále modelov s rôznymi výkonmi, rozmermi a dizajnom, aby vyhoveli všetkým požiadavkám užívateľov.</p>

<p>Kachle na drevo Edilkamin Glam &nbsp; Technické údaje   šírka cm : 68 hlbka cm : 53 výška cm : 115 ohnisko (Š x H x V)cm : 26x31x25 regulovateľný výkon kW :5/11 úcinnos t% : 77,2 spotreba dreva kg/h : 1,4/3,1 Ø dymovod cm : 15 vývod dymovodu : zadný ,vrchný Ø prívod vzduchucm : 16 celková [&hellip;]</p>
