{"id":3345,"date":"2015-08-23T13:07:58","date_gmt":"2015-08-23T11:07:58","guid":{"rendered":"https:\/\/flamaecol.sk\/produkt\/krbove-kachle-edilkamin-elle-2\/"},"modified":"2015-08-23T13:07:58","modified_gmt":"2015-08-23T11:07:58","slug":"krbove-kachle-edilkamin-elle-2","status":"publish","type":"product","link":"https:\/\/flamaecol.sk\/en\/produkt\/krbove-kachle-edilkamin-elle-2\/","title":{"rendered":"Edilkamin Elle"},"content":{"rendered":"<h4>Kachle na drevo Edilkamin Elle<\/h4>\n<p><\/p>\n<p>Teplovzdu\u0161n\u00e9 kachle na drevo s modern\u00fdm dizajnom s presklen\u00edm na 3-och stran\u00e1ch. Oce\u013eov\u00fd pl\u00e1\u0161\u0165 \u010diernej farby doplnen\u00fd o top a prvky zo svetlo \u0161edej ocele.&nbsp;<\/p>\n<p>Ohnisko zo \u0161amotu s liatinov\u00fdm dnom. Krbov\u00e9 kachle Glam s\u00fa vybaven\u00e9 syst\u00e9mom fire control ,ktor\u00fd automaticky upravuje spa\u013eovanie a t\u00fdm zabra\u0148uje pl\u00fdtvaniu paliva.<\/p>\n<p>Takisto m\u00f4\u017ee by\u0165 prev\u00e1dzkovan\u00e1 pomocou manu\u00e1lneho alebo automatick\u00e9ho chodu.<\/p>\n<p><\/p>\n<p>Technick\u00e9 \u00fadaje<span class=\"Apple-tab-span\" style=\"white-space:pre\">\t\t\t\t\t<\/span><\/p>\n<p>\u0161\u00edrka<span class=\"Apple-tab-span\" style=\"white-space:pre\">\t<\/span>&nbsp;cm : 54<\/p>\n<p>hlbka&nbsp;<span class=\"Apple-tab-span\" style=\"white-space:pre\">\t<\/span>cm : 57<\/p>\n<p>v\u00fd\u0161ka&nbsp;cm : 112<\/p>\n<p>ohnisko (\u0160 x H x V)cm :\u00d8 30&#215;39<\/p>\n<p>regulovate\u013en\u00fd v\u00fdkon kW :3\/6<\/p>\n<p>\u00facinnos\u0165&nbsp;% : 81,95<\/p>\n<p>spotreba dreva kg\/h : 1\/1,8<\/p>\n<p>\u00d8 dymovod cm : 15<\/p>\n<p>v\u00fdvod dymovodu : zadn\u00fd ,vrchn\u00fd<span class=\"Apple-tab-span\" style=\"white-space:pre\">\t\t\t\t<\/span><\/p>\n<p>\u00d8 pr\u00edvod vzduchu<span class=\"Apple-tab-span\" style=\"white-space:pre\">\t<\/span>cm : 16<span class=\"Apple-tab-span\" style=\"white-space:pre\">\t\t\t\t<\/span><\/p>\n<p>celkov\u00e1 hmotnos\u0165&nbsp;kg : 157<\/p>\n<p>vykurovan\u00fd priestor m\u00b3 : 155<\/p>\n<p><\/p>\n<p>Kachle na drevo ohrievaj\u00fa vzduch na vykurovanie miestnosti, kde s\u00fa nain\u0161talovan\u00e9, alebo v pr\u00edpade niektor\u00fdch modelov aj pri\u013eahl\u00e9 miestnosti (pomocou teplovzdu\u0161n\u00fdch rozvodov).<\/p>\n<p>Kachle na drevo Edilkamin s\u00fa vrcholom 50 ro\u010dn\u00fdch sk\u00fasenost\u00ed v tomto odvetv\u00ed; optimalizovan\u00e9 spa\u013eovanie, vysok\u00e1 \u00fa\u010dinnos\u0165 a n\u00edzke emisie umo\u017e\u0148uj\u00fa vykurovanie \u0161etrn\u00e9 k \u017eivotn\u00e9mu prostrediu aj k Va\u0161ej pe\u0148a\u017eenke.<\/p>\n<p>Kachle na drevo Edilkamin sa vyr\u00e1baj\u00fa v \u0161irokej \u0161k\u00e1le modelov s r\u00f4znymi v\u00fdkonmi, rozmermi a dizajnom, aby vyhoveli v\u0161etk\u00fdm po\u017eiadavk\u00e1m u\u017e\u00edvate\u013eov.<\/p>\n","protected":false},"excerpt":{"rendered":"<p>Kachle na drevo Edilkamin Elle Teplovzdu\u0161n\u00e9 kachle na drevo s modern\u00fdm dizajnom s presklen\u00edm na 3-och stran\u00e1ch. Oce\u013eov\u00fd pl\u00e1\u0161\u0165 \u010diernej farby doplnen\u00fd o top a prvky zo svetlo \u0161edej ocele.&nbsp; Ohnisko zo \u0161amotu s liatinov\u00fdm dnom. Krbov\u00e9 kachle Glam s\u00fa vybaven\u00e9 syst\u00e9mom fire control ,ktor\u00fd automaticky upravuje spa\u013eovanie a t\u00fdm zabra\u0148uje pl\u00fdtvaniu paliva. Takisto m\u00f4\u017ee [&hellip;]<\/p>\n","protected":false},"featured_media":3333,"comment_status":"open","ping_status":"closed","template":"","meta":[],"product_brand":[],"product_cat":[201,202],"product_tag":[],"class_list":{"0":"post-3345","1":"product","2":"type-product","3":"status-publish","4":"has-post-thumbnail","6":"product_cat-krbove-kachle","7":"product_cat-edilkamin","9":"first","10":"instock","11":"taxable","12":"shipping-taxable","13":"purchasable","14":"product-type-simple"},"_links":{"self":[{"href":"https:\/\/flamaecol.sk\/en\/wp-json\/wp\/v2\/product\/3345","targetHints":{"allow":["GET"]}}],"collection":[{"href":"https:\/\/flamaecol.sk\/en\/wp-json\/wp\/v2\/product"}],"about":[{"href":"https:\/\/flamaecol.sk\/en\/wp-json\/wp\/v2\/types\/product"}],"replies":[{"embeddable":true,"href":"https:\/\/flamaecol.sk\/en\/wp-json\/wp\/v2\/comments?post=3345"}],"wp:featuredmedia":[{"embeddable":true,"href":"https:\/\/flamaecol.sk\/en\/wp-json\/wp\/v2\/media\/3333"}],"wp:attachment":[{"href":"https:\/\/flamaecol.sk\/en\/wp-json\/wp\/v2\/media?parent=3345"}],"wp:term":[{"taxonomy":"product_brand","embeddable":true,"href":"https:\/\/flamaecol.sk\/en\/wp-json\/wp\/v2\/product_brand?post=3345"},{"taxonomy":"product_cat","embeddable":true,"href":"https:\/\/flamaecol.sk\/en\/wp-json\/wp\/v2\/product_cat?post=3345"},{"taxonomy":"product_tag","embeddable":true,"href":"https:\/\/flamaecol.sk\/en\/wp-json\/wp\/v2\/product_tag?post=3345"}],"curies":[{"name":"wp","href":"https:\/\/api.w.org\/{rel}","templated":true}]}}

<h4>Kachle na drevo Edilkamin Elle</h4>
<p></p>
<p>Teplovzdušné kachle na drevo s moderným dizajnom s presklením na 3-och stranách. Oceľový plášť čiernej farby doplnený o top a prvky zo svetlo šedej ocele.&nbsp;</p>
<p>Ohnisko zo šamotu s liatinovým dnom. Krbové kachle Glam sú vybavené systémom fire control ,ktorý automaticky upravuje spaľovanie a tým zabraňuje plýtvaniu paliva.</p>
<p>Takisto môže byť prevádzkovaná pomocou manuálneho alebo automatického chodu.</p>
<p></p>
<p>Technické údaje<span class="Apple-tab-span" style="white-space:pre">					</span></p>
<p>šírka<span class="Apple-tab-span" style="white-space:pre">	</span>&nbsp;cm : 54</p>
<p>hlbka&nbsp;<span class="Apple-tab-span" style="white-space:pre">	</span>cm : 57</p>
<p>výška&nbsp;cm : 112</p>
<p>ohnisko (Š x H x V)cm :Ø 30&#215;39</p>
<p>regulovateľný výkon kW :3/6</p>
<p>úcinnosť&nbsp;% : 81,95</p>
<p>spotreba dreva kg/h : 1/1,8</p>
<p>Ø dymovod cm : 15</p>
<p>vývod dymovodu : zadný ,vrchný<span class="Apple-tab-span" style="white-space:pre">				</span></p>
<p>Ø prívod vzduchu<span class="Apple-tab-span" style="white-space:pre">	</span>cm : 16<span class="Apple-tab-span" style="white-space:pre">				</span></p>
<p>celková hmotnosť&nbsp;kg : 157</p>
<p>vykurovaný priestor m³ : 155</p>
<p></p>
<p>Kachle na drevo ohrievajú vzduch na vykurovanie miestnosti, kde sú nainštalované, alebo v prípade niektorých modelov aj priľahlé miestnosti (pomocou teplovzdušných rozvodov).</p>
<p>Kachle na drevo Edilkamin sú vrcholom 50 ročných skúseností v tomto odvetví; optimalizované spaľovanie, vysoká účinnosť a nízke emisie umožňujú vykurovanie šetrné k životnému prostrediu aj k Vašej peňaženke.</p>
<p>Kachle na drevo Edilkamin sa vyrábajú v širokej škále modelov s rôznymi výkonmi, rozmermi a dizajnom, aby vyhoveli všetkým požiadavkám užívateľov.</p>

<p>Kachle na drevo Edilkamin Elle Teplovzdušné kachle na drevo s moderným dizajnom s presklením na 3-och stranách. Oceľový plášť čiernej farby doplnený o top a prvky zo svetlo šedej ocele.&nbsp; Ohnisko zo šamotu s liatinovým dnom. Krbové kachle Glam sú vybavené systémom fire control ,ktorý automaticky upravuje spaľovanie a tým zabraňuje plýtvaniu paliva. Takisto môže [&hellip;]</p>
