{"id":3128,"date":"2015-08-18T13:07:30","date_gmt":"2015-08-18T11:07:30","guid":{"rendered":"https:\/\/flamaecol.sk\/produkt\/krbova-vlozka-kratki-nadia8-3\/"},"modified":"2025-02-27T15:11:01","modified_gmt":"2025-02-27T13:11:01","slug":"krbova-vlozka-kratki-nadia8-3","status":"publish","type":"product","link":"https:\/\/flamaecol.sk\/en\/produkt\/krbova-vlozka-kratki-nadia8-3\/","title":{"rendered":"Nadia 8"},"content":{"rendered":"<h2>Kratki Nadia 8 <br class=\"avia-permanent-lb\" \/><br class=\"avia-permanent-lb\" \/><\/h2>\n<ul>\n<li>Kvalitn\u00e1 oce\u013eov\u00e1 teplovzdu\u0161n\u00e1 krbov\u00e1 vlo\u017eka NADIA je vybaven\u00e1 bezro\u0161tov\u00fdm spa\u013eovan\u00edm a syst\u00e9mom \u010dist\u00e9ho skla.<\/li>\n<li>Otv\u00e1ranie dvierok je variabiln\u00e9 &#8211; daj\u00fa sa jednoducho prein\u0161talova\u0165 z \u013eavostrann\u00e9ho na pravostrann\u00e9 otv\u00e1ranie.<\/li>\n<li>Krbov\u00e1 vlo\u017eka m\u00e1 dvojdielny liatinov\u00fd v\u00fdstupn\u00fd otvor(dymovod) s regul\u00e1ciou nastavenia 360 stup\u0148ov .<\/li>\n<li>Spa\u013eovacia komora je vylo\u017een\u00e1 keramikou, tzv. Termotec. Vzduch pre oplach skla je priv\u00e1dzan\u00fd bo\u010dn\u00fdmi kan\u00e1lmi s dodato\u010dnou mo\u017enos\u0165ou regul\u00e1cie jeho intenzity.<\/li>\n<li>Zabudovan\u00fd pr\u00edvod extrern\u00e9ho vzduchu o priemere 125 mm, rodi\u010dovsk\u00fd z\u00e1mok a nastavite\u013en\u00e9 no\u017ei\u010dky s regul\u00e1ciou a\u017e 40mm.<\/li>\n<li>Krbov\u00e1 vlo\u017eka NADIA je \u0161tandardne dod\u00e1van\u00e1 s k\u013eu\u010dkou na pravej strane s mo\u017enos\u0165ou prelo\u017eenia dvierok &#8211; k\u013eu\u010dka na \u013eavej strane. <br class=\"avia-permanent-lb\" \/><br class=\"avia-permanent-lb\" \/><\/li>\n<\/ul>\n<p>TECHNICK\u00c9 PARAMETRE:<\/p>\n<p>Nomin\u00e1lny tepeln\u00fd v\u00fdkon: 7 kW<\/p>\n<p>Regula\u010dn\u00fd tepeln\u00fd v\u00fdkon : 3-9 kW<\/p>\n<p>Vyhrievan\u00fd priestor: 30-90 m3<\/p>\n<p>\u00da\u010dinnos\u0165: 80%<\/p>\n<p>V\u00fdvod dymovodu: horn\u00fd<\/p>\n<p>Priemer dymovodu: 200 mm<\/p>\n<p>Palivo: drevo, dreven\u00e9 brikety<\/p>\n<p>Minim\u00e1lny prierez vstupn\u00e9ho vzduchu pre konvekciu : 500 cm2<\/p>\n<p>Minim\u00e1lny prierez v\u00fdstupn\u00e9ho vzduchu pre konvekciu : 700 cm<span style=\"vertical-align: super\">2<\/span><\/p>\n<p><strong>Energetick\u00e1 trieda A<\/strong><\/p>\n","protected":false},"excerpt":{"rendered":"<p>Modern\u00e1 krbov\u00e1 vlo\u017eka pre ka\u017ed\u00e9ho, komu z\u00e1le\u017e\u00ed na jednoduchosti pou\u017e\u00edvania krbu.<\/p>\n","protected":false},"featured_media":5030,"comment_status":"open","ping_status":"closed","template":"","meta":[],"product_brand":[],"product_cat":[222,225,261,257],"product_tag":[],"class_list":{"0":"post-3128","1":"product","2":"type-product","3":"status-publish","4":"has-post-thumbnail","6":"product_cat-krbove-vlozky","7":"product_cat-kratki","8":"product_cat-teplovzdusne-krbove-vlozky-kratki","9":"product_cat-rovne-presklenie-kratki","11":"first","12":"instock","13":"sale","14":"taxable","15":"shipping-taxable","16":"purchasable","17":"product-type-simple"},"_links":{"self":[{"href":"https:\/\/flamaecol.sk\/en\/wp-json\/wp\/v2\/product\/3128","targetHints":{"allow":["GET"]}}],"collection":[{"href":"https:\/\/flamaecol.sk\/en\/wp-json\/wp\/v2\/product"}],"about":[{"href":"https:\/\/flamaecol.sk\/en\/wp-json\/wp\/v2\/types\/product"}],"replies":[{"embeddable":true,"href":"https:\/\/flamaecol.sk\/en\/wp-json\/wp\/v2\/comments?post=3128"}],"wp:featuredmedia":[{"embeddable":true,"href":"https:\/\/flamaecol.sk\/en\/wp-json\/wp\/v2\/media\/5030"}],"wp:attachment":[{"href":"https:\/\/flamaecol.sk\/en\/wp-json\/wp\/v2\/media?parent=3128"}],"wp:term":[{"taxonomy":"product_brand","embeddable":true,"href":"https:\/\/flamaecol.sk\/en\/wp-json\/wp\/v2\/product_brand?post=3128"},{"taxonomy":"product_cat","embeddable":true,"href":"https:\/\/flamaecol.sk\/en\/wp-json\/wp\/v2\/product_cat?post=3128"},{"taxonomy":"product_tag","embeddable":true,"href":"https:\/\/flamaecol.sk\/en\/wp-json\/wp\/v2\/product_tag?post=3128"}],"curies":[{"name":"wp","href":"https:\/\/api.w.org\/{rel}","templated":true}]}}

<h2>Kratki Nadia 8 <br class="avia-permanent-lb" /><br class="avia-permanent-lb" /></h2>
<ul>
<li>Kvalitná oceľová teplovzdušná krbová vložka NADIA je vybavená bezroštovým spaľovaním a systémom čistého skla.</li>
<li>Otváranie dvierok je variabilné &#8211; dajú sa jednoducho preinštalovať z ľavostranného na pravostranné otváranie.</li>
<li>Krbová vložka má dvojdielny liatinový výstupný otvor(dymovod) s reguláciou nastavenia 360 stupňov .</li>
<li>Spaľovacia komora je vyložená keramikou, tzv. Termotec. Vzduch pre oplach skla je privádzaný bočnými kanálmi s dodatočnou možnosťou regulácie jeho intenzity.</li>
<li>Zabudovaný prívod extrerného vzduchu o priemere 125 mm, rodičovský zámok a nastaviteľné nožičky s reguláciou až 40mm.</li>
<li>Krbová vložka NADIA je štandardne dodávaná s kľučkou na pravej strane s možnosťou preloženia dvierok &#8211; kľučka na ľavej strane. <br class="avia-permanent-lb" /><br class="avia-permanent-lb" /></li>
</ul>
<p>TECHNICKÉ PARAMETRE:</p>
<p>Nominálny tepelný výkon: 7 kW</p>
<p>Regulačný tepelný výkon : 3-9 kW</p>
<p>Vyhrievaný priestor: 30-90 m3</p>
<p>Účinnosť: 80%</p>
<p>Vývod dymovodu: horný</p>
<p>Priemer dymovodu: 200 mm</p>
<p>Palivo: drevo, drevené brikety</p>
<p>Minimálny prierez vstupného vzduchu pre konvekciu : 500 cm2</p>
<p>Minimálny prierez výstupného vzduchu pre konvekciu : 700 cm<span style="vertical-align: super">2</span></p>
<p><strong>Energetická trieda A</strong></p>

<p>Moderná krbová vložka pre každého, komu záleží na jednoduchosti používania krbu.</p>
