{"id":1803,"date":"2015-02-27T11:05:15","date_gmt":"2015-02-27T09:05:15","guid":{"rendered":"https:\/\/flamaecol.sk\/produkt\/luxusnysporaklanorddicacucinotta-2\/"},"modified":"2025-12-04T10:29:20","modified_gmt":"2025-12-04T08:29:20","slug":"luxusnysporaklanorddicacucinotta-2","status":"publish","type":"product","link":"https:\/\/flamaecol.sk\/en\/produkt\/luxusnysporaklanorddicacucinotta-2\/","title":{"rendered":"La Nordica Cucinotta"},"content":{"rendered":"<h2><strong>Kuchynsk\u00fd spor\u00e1k La Nordica Cucinotta <br class=\"avia-permanent-lb\" \/><\/strong><\/h2>\n<div><strong>Vlastnosti :<\/strong><\/div>\n<div>\u2022 V\u00fdsuvn\u00fd popoln\u00edk<\/div>\n<div>\u2022 Vn\u00fatorn\u00fd obklad ohniska z liatiny a Nordiker<\/div>\n<div>\u2022 Vrchn\u00e1 varn\u00e1 doska a kruhy z le\u0161tenej liatiny<\/div>\n<div>\u2022 Smaltovan\u00e9 liatinov\u00e9 dvierka, fas\u00e1da a r\u00e1m<\/div>\n<div>\u2022 Nastavite\u013en\u00fd prim\u00e1rny a sekund\u00e1rny vzduch pre lep\u0161iu kontrolu spa\u013eovania<\/div>\n<div>\u2022 V\u00fd\u0161kovo nastavite\u013en\u00fd liatinov\u00fd ro\u0161t<\/div>\n<div>\u2022 Syst\u00e9m dodato\u010dn\u00e9ho spa\u013eovania (n\u00edzke emisie)<\/div>\n<div>\u2022 Pohybliv\u00e1 z\u00e1suvka na drevo<\/div>\n<div>\u2022 Dvojit\u00e9 presklen\u00e9 dvierka pece<\/div>\n<div>\u2022 \u0160irok\u00fd po\u017eiarny v\u00fdh\u013ead<\/div>\n<div>\u2022 Protipo\u017eiarne dvierka z liatiny s dvojit\u00fdm sklom<\/div>\n<div>\u2022 Horn\u00fd centr\u00e1lny alebo zadn\u00fd odvod dymu <br class=\"avia-permanent-lb\" \/><br class=\"avia-permanent-lb\" \/><\/div>\n<div><\/div>\n<div><strong>TECHNICK\u00c9 PARAMETRE<\/strong><\/div>\n<div>Menovit\u00fd v\u00fdkon do vzduchu: 9,1 kw<\/div>\n<div>Maxim\u00e1lna hodinov\u00e1 spotreba dreva: 2,8 kg \/ h<\/div>\n<div>Priemer dymovodu: 150 mm<\/div>\n<div>V\u00fdvod dymovodu: Horn\u00e9<\/div>\n<div>\u00da\u010dinnos\u0165: 78,1%<\/div>\n<div>Hmotnos\u0165: 197 kg<\/div>\n<div>V\u00fdhrevnos\u0165 priestoru pri zateplen\u00ed 50W \/ 1m\u00b3: 261 m\u00b3<\/div>\n<div>Priemer r\u00fary pre pr\u00edvod extern\u00e9ho vzduchu: 120<\/div>\n<div>V\u00fd\u0161ka: 880 mm<\/div>\n<div>\u0160\u00edrka: 682 mm<\/div>\n<div>H\u013abka: 653 mm<\/div>\n<div>Typ spa\u013eovania: Trojstup\u0148ov\u00e9<\/div>\n<div>Obklad: Smaltovan\u00e1 oce\u013e \u010dierna<\/div>\n<div>Kon\u0161trukcie spa\u013eovacieho priestoru: Liatina \/ NORDIKER<\/div>\n","protected":false},"excerpt":{"rendered":"<p>Krb s najnov\u0161\u00edm trojz\u00f3nov\u00fdm spa\u013eovan\u00edm, dvojn\u00e1sobn\u00e9 presklenie dvierok, liatinov\u00e1 varn\u00e1 plat\u0148a, v\u00fdkonn\u00e9 krbov\u00e9 kachle.<\/p>\n","protected":false},"featured_media":4701,"comment_status":"open","ping_status":"closed","template":"","meta":[],"product_brand":[],"product_cat":[218,219,263],"product_tag":[],"class_list":{"0":"post-1803","1":"product","2":"type-product","3":"status-publish","4":"has-post-thumbnail","6":"product_cat-luxusne-sporaky","7":"product_cat-nordica-sporaky","8":"product_cat-akcie","10":"first","11":"instock","12":"sale","13":"taxable","14":"shipping-taxable","15":"purchasable","16":"product-type-simple"},"_links":{"self":[{"href":"https:\/\/flamaecol.sk\/en\/wp-json\/wp\/v2\/product\/1803","targetHints":{"allow":["GET"]}}],"collection":[{"href":"https:\/\/flamaecol.sk\/en\/wp-json\/wp\/v2\/product"}],"about":[{"href":"https:\/\/flamaecol.sk\/en\/wp-json\/wp\/v2\/types\/product"}],"replies":[{"embeddable":true,"href":"https:\/\/flamaecol.sk\/en\/wp-json\/wp\/v2\/comments?post=1803"}],"wp:featuredmedia":[{"embeddable":true,"href":"https:\/\/flamaecol.sk\/en\/wp-json\/wp\/v2\/media\/4701"}],"wp:attachment":[{"href":"https:\/\/flamaecol.sk\/en\/wp-json\/wp\/v2\/media?parent=1803"}],"wp:term":[{"taxonomy":"product_brand","embeddable":true,"href":"https:\/\/flamaecol.sk\/en\/wp-json\/wp\/v2\/product_brand?post=1803"},{"taxonomy":"product_cat","embeddable":true,"href":"https:\/\/flamaecol.sk\/en\/wp-json\/wp\/v2\/product_cat?post=1803"},{"taxonomy":"product_tag","embeddable":true,"href":"https:\/\/flamaecol.sk\/en\/wp-json\/wp\/v2\/product_tag?post=1803"}],"curies":[{"name":"wp","href":"https:\/\/api.w.org\/{rel}","templated":true}]}}

<h2><strong>Kuchynský sporák La Nordica Cucinotta <br class="avia-permanent-lb" /></strong></h2>
<div><strong>Vlastnosti :</strong></div>
<div>• Výsuvný popolník</div>
<div>• Vnútorný obklad ohniska z liatiny a Nordiker</div>
<div>• Vrchná varná doska a kruhy z leštenej liatiny</div>
<div>• Smaltované liatinové dvierka, fasáda a rám</div>
<div>• Nastaviteľný primárny a sekundárny vzduch pre lepšiu kontrolu spaľovania</div>
<div>• Výškovo nastaviteľný liatinový rošt</div>
<div>• Systém dodatočného spaľovania (nízke emisie)</div>
<div>• Pohyblivá zásuvka na drevo</div>
<div>• Dvojité presklené dvierka pece</div>
<div>• Široký požiarny výhľad</div>
<div>• Protipožiarne dvierka z liatiny s dvojitým sklom</div>
<div>• Horný centrálny alebo zadný odvod dymu <br class="avia-permanent-lb" /><br class="avia-permanent-lb" /></div>
<div></div>
<div><strong>TECHNICKÉ PARAMETRE</strong></div>
<div>Menovitý výkon do vzduchu: 9,1 kw</div>
<div>Maximálna hodinová spotreba dreva: 2,8 kg / h</div>
<div>Priemer dymovodu: 150 mm</div>
<div>Vývod dymovodu: Horné</div>
<div>Účinnosť: 78,1%</div>
<div>Hmotnosť: 197 kg</div>
<div>Výhrevnosť priestoru pri zateplení 50W / 1m³: 261 m³</div>
<div>Priemer rúry pre prívod externého vzduchu: 120</div>
<div>Výška: 880 mm</div>
<div>Šírka: 682 mm</div>
<div>Hĺbka: 653 mm</div>
<div>Typ spaľovania: Trojstupňové</div>
<div>Obklad: Smaltovaná oceľ čierna</div>
<div>Konštrukcie spaľovacieho priestoru: Liatina / NORDIKER</div>

<p>Krb s najnovším trojzónovým spaľovaním, dvojnásobné presklenie dvierok, liatinová varná platňa, výkonné krbové kachle.</p>
