{"id":1755,"date":"2015-02-26T21:47:52","date_gmt":"2015-02-26T19:47:52","guid":{"rendered":"https:\/\/flamaecol.sk\/produkt\/sporaklanordicarosetta-3\/"},"modified":"2025-01-31T14:25:40","modified_gmt":"2025-01-31T12:25:40","slug":"sporaklanordicarosetta-3","status":"publish","type":"product","link":"https:\/\/flamaecol.sk\/en\/produkt\/sporaklanordicarosetta-3\/","title":{"rendered":"La Nordica Rosetta 5.0"},"content":{"rendered":"<h2><span style=\"color: #303030;font-family: Verdana;line-height: 16.7999992370605px\">Kuchynsk\u00fd spor\u00e1k La Nordica Rosetta 5.0<\/span><\/h2>\n<div><span style=\"color: #303030;font-family: Verdana;line-height: 16.7999992370605px\">\u00a0<\/span><\/div>\n<div><span style=\"color: #303030;font-family: Verdana;line-height: 16.7999992370605px\">Vylep\u0161en\u00fd typ m\u00e1 7,9 kW a \u00fa\u010dinnos\u0165 cez 86% s ve\u013emi n\u00edzkymi emisiami CO a prachov\u00fdch \u010dast\u00edc. <br class=\"avia-permanent-lb\" \/>Rosetta je proti typu Rosa u\u017e\u0161ia a m\u00e1 men\u0161iu r\u00faru. <br class=\"avia-permanent-lb\" \/>Prec\u00edzne prevedenie so zosilnenou liatinovou plat\u0148ou a v\u0161etk\u00fdmi dvierkami z liatiny navodzuje dojem mas\u00edvneho v\u00fdrobku. <br class=\"avia-permanent-lb\" \/>Trojit\u00e9 ekologick\u00e9 spa\u013eovanie s oplachom skla tepl\u00fdm vzduchom m\u00e1 vplyv na n\u00edzke zan\u00e1\u0161anie dymov\u00fdch ciest, vysok\u00fa \u00fa\u010dinnos\u0165 a n\u00edzke emisie oxidu uhli\u010dit\u00e9ho. <br class=\"avia-permanent-lb\" \/>Kach\u013eov\u00e9 oblo\u017eenie m\u00e1 nielen estetick\u00fd charakter ale tie\u017e izoluje hor\u00face vn\u00fatorn\u00e9 steny. <br class=\"avia-permanent-lb\" \/><\/span><\/div>\n<div><span style=\"color: #303030;font-family: Verdana;line-height: 16.7999992370605px\">Ovl\u00e1dacie k\u013eu\u010dky maj\u00fa izolovan\u00e9 dr\u017eadl\u00e1, ktor\u00e9 zni\u017euj\u00fa pop\u00e1lenie, chr\u00f3movan\u00fd r\u00e1m okolo dokola chr\u00e1ni proti sp\u00e1leniu od okrajov platne. <br class=\"avia-permanent-lb\" \/><\/span><\/div>\n<div><span style=\"color: #303030;font-family: Verdana;line-height: 16.7999992370605px\">M\u00f4\u017eeme s k\u013eudom poveda\u0165, \u017ee tento v\u00fdrobok v\u00e1s nesklame a ke\u010f sa bude p\u00e1\u010di\u0165 \u010fal\u0161iu gener\u00e1ciu bude sl\u00fa\u017ei\u0165 tie\u017e.<br class=\"avia-permanent-lb\" \/><br class=\"avia-permanent-lb\" \/><\/span><\/div>\n<div><span style=\"color: #303030;font-family: Verdana;line-height: 16.7999992370605px\">\u00a0<\/span><\/div>\n<div><strong><span style=\"color: #303030;font-family: Verdana;line-height: 16.7999992370605px\">\u00a0TECHNICK\u00c9 PARAMETRE<\/span><\/strong><\/div>\n<ul>\n<li>Nomin\u00e1lny v\u00fdkon (kW) 7,9<\/li>\n<li>Rozsah v\u00fdkonu (kW) 3 \u2013 9<\/li>\n<li>Vykurovacia schopnos\u0165 (m3) 60 \u2013 200<\/li>\n<li>Spotreba paliva pri nomin\u00e1lnom v\u00fdkone 2 kg\/hod.<\/li>\n<li>\u00da\u010dinnos\u0165 (%) 86,9<\/li>\n<li>Rozmer &#8211; V x \u0160 x H 843 x 885 x 572<\/li>\n<li>V\u00e1ha s obalom (Brutto) keramika 163, mastenec 177<\/li>\n<li>V\u00e1ha bez obalu (Netto) keramika 153, mastenec 167<\/li>\n<li>Max. d\u013a\u017eka polena (cm) 33<\/li>\n<li>\u00d8 dymovodu 130<\/li>\n<li>Povolen\u00e9 paliv\u00e1 Drevo, ekobrikety<\/li>\n<li>Priemer dymovodu (mm) 130<\/li>\n<li>Zadn\u00e9 pripojenie dymovodu \u00e1no<\/li>\n<li>Emisn\u00e1 hodnota CO 0,047<\/li>\n<li>Vzdialenos\u0165 od zeme do stredu zadn\u00e9ho v\u00fdvodu dymovodu 726<\/li>\n<li>Horn\u00e9 pripojenie dymovodu \u00e1no<\/li>\n<li>Extern\u00fd pr\u00edvod vzduchu Do medzipl\u00e1\u0161\u0165a (nie priamo do ohniska)<\/li>\n<li>Vzdialenos\u0165 od stredu horn\u00e9ho v\u00fdvodu po zadn\u00fd okraj kachl\u00ed 100<\/li>\n<li>Platni\u010dka \u00c1no<\/li>\n<li>V\u00fd\u0161ka horn\u00e9ho napojenia od zeme po golier dymovodu 880<\/li>\n<li>Integrovan\u00e1 r\u00fara \u00e1no<\/li>\n<li>Ve\u013ekos\u0165 r\u00fary (V x \u0160 x H) 300x245x384<\/li>\n<li>\u00d8 r\u00farky extern\u00e9ho pr\u00edvodu vzduchu 120<\/li>\n<li>Farba Bord\u00f3, Mastenec, Panna<\/li>\n<li>Ventil\u00e1tor nie<\/li>\n<li>Prevedenie teplovzdu\u0161n\u00e1<span style=\"color: #303030;font-family: Verdana;line-height: 16.7999992370605px\"><br \/>\n<\/span><\/li>\n<\/ul>\n","protected":false},"excerpt":{"rendered":"<p>Kon\u0161trukcia ohniska je mas\u00edvna celoliatinov\u00e1 a v\u0161etky oce\u013eov\u00e9 diely s\u00fa smaltovan\u00e9 z oboch str\u00e1n alebo pozinkovan\u00e9.<\/p>\n","protected":false},"featured_media":4749,"comment_status":"open","ping_status":"closed","template":"","meta":[],"product_brand":[],"product_cat":[216,219],"product_tag":[],"class_list":{"0":"post-1755","1":"product","2":"type-product","3":"status-publish","4":"has-post-thumbnail","6":"product_cat-sporaky","7":"product_cat-nordica-sporaky","9":"first","10":"onbackorder","11":"taxable","12":"shipping-taxable","13":"purchasable","14":"product-type-simple"},"_links":{"self":[{"href":"https:\/\/flamaecol.sk\/en\/wp-json\/wp\/v2\/product\/1755","targetHints":{"allow":["GET"]}}],"collection":[{"href":"https:\/\/flamaecol.sk\/en\/wp-json\/wp\/v2\/product"}],"about":[{"href":"https:\/\/flamaecol.sk\/en\/wp-json\/wp\/v2\/types\/product"}],"replies":[{"embeddable":true,"href":"https:\/\/flamaecol.sk\/en\/wp-json\/wp\/v2\/comments?post=1755"}],"wp:featuredmedia":[{"embeddable":true,"href":"https:\/\/flamaecol.sk\/en\/wp-json\/wp\/v2\/media\/4749"}],"wp:attachment":[{"href":"https:\/\/flamaecol.sk\/en\/wp-json\/wp\/v2\/media?parent=1755"}],"wp:term":[{"taxonomy":"product_brand","embeddable":true,"href":"https:\/\/flamaecol.sk\/en\/wp-json\/wp\/v2\/product_brand?post=1755"},{"taxonomy":"product_cat","embeddable":true,"href":"https:\/\/flamaecol.sk\/en\/wp-json\/wp\/v2\/product_cat?post=1755"},{"taxonomy":"product_tag","embeddable":true,"href":"https:\/\/flamaecol.sk\/en\/wp-json\/wp\/v2\/product_tag?post=1755"}],"curies":[{"name":"wp","href":"https:\/\/api.w.org\/{rel}","templated":true}]}}

<h2><span style="color: #303030;font-family: Verdana;line-height: 16.7999992370605px">Kuchynský sporák La Nordica Rosetta 5.0</span></h2>
<div><span style="color: #303030;font-family: Verdana;line-height: 16.7999992370605px"> </span></div>
<div><span style="color: #303030;font-family: Verdana;line-height: 16.7999992370605px">Vylepšený typ má 7,9 kW a účinnosť cez 86% s veľmi nízkymi emisiami CO a prachových častíc. <br class="avia-permanent-lb" />Rosetta je proti typu Rosa užšia a má menšiu rúru. <br class="avia-permanent-lb" />Precízne prevedenie so zosilnenou liatinovou platňou a všetkými dvierkami z liatiny navodzuje dojem masívneho výrobku. <br class="avia-permanent-lb" />Trojité ekologické spaľovanie s oplachom skla teplým vzduchom má vplyv na nízke zanášanie dymových ciest, vysokú účinnosť a nízke emisie oxidu uhličitého. <br class="avia-permanent-lb" />Kachľové obloženie má nielen estetický charakter ale tiež izoluje horúce vnútorné steny. <br class="avia-permanent-lb" /></span></div>
<div><span style="color: #303030;font-family: Verdana;line-height: 16.7999992370605px">Ovládacie kľučky majú izolované držadlá, ktoré znižujú popálenie, chrómovaný rám okolo dokola chráni proti spáleniu od okrajov platne. <br class="avia-permanent-lb" /></span></div>
<div><span style="color: #303030;font-family: Verdana;line-height: 16.7999992370605px">Môžeme s kľudom povedať, že tento výrobok vás nesklame a keď sa bude páčiť ďalšiu generáciu bude slúžiť tiež.<br class="avia-permanent-lb" /><br class="avia-permanent-lb" /></span></div>
<div><span style="color: #303030;font-family: Verdana;line-height: 16.7999992370605px"> </span></div>
<div><strong><span style="color: #303030;font-family: Verdana;line-height: 16.7999992370605px"> TECHNICKÉ PARAMETRE</span></strong></div>
<ul>
<li>Nominálny výkon (kW) 7,9</li>
<li>Rozsah výkonu (kW) 3 – 9</li>
<li>Vykurovacia schopnosť (m3) 60 – 200</li>
<li>Spotreba paliva pri nominálnom výkone 2 kg/hod.</li>
<li>Účinnosť (%) 86,9</li>
<li>Rozmer &#8211; V x Š x H 843 x 885 x 572</li>
<li>Váha s obalom (Brutto) keramika 163, mastenec 177</li>
<li>Váha bez obalu (Netto) keramika 153, mastenec 167</li>
<li>Max. dĺžka polena (cm) 33</li>
<li>Ø dymovodu 130</li>
<li>Povolené palivá Drevo, ekobrikety</li>
<li>Priemer dymovodu (mm) 130</li>
<li>Zadné pripojenie dymovodu áno</li>
<li>Emisná hodnota CO 0,047</li>
<li>Vzdialenosť od zeme do stredu zadného vývodu dymovodu 726</li>
<li>Horné pripojenie dymovodu áno</li>
<li>Externý prívod vzduchu Do medziplášťa (nie priamo do ohniska)</li>
<li>Vzdialenosť od stredu horného vývodu po zadný okraj kachlí 100</li>
<li>Platnička Áno</li>
<li>Výška horného napojenia od zeme po golier dymovodu 880</li>
<li>Integrovaná rúra áno</li>
<li>Veľkosť rúry (V x Š x H) 300x245x384</li>
<li>Ø rúrky externého prívodu vzduchu 120</li>
<li>Farba Bordó, Mastenec, Panna</li>
<li>Ventilátor nie</li>
<li>Prevedenie teplovzdušná<span style="color: #303030;font-family: Verdana;line-height: 16.7999992370605px"><br />
</span></li>
</ul>

<p>Konštrukcia ohniska je masívna celoliatinová a všetky oceľové diely sú smaltované z oboch strán alebo pozinkované.</p>
