{"id":1656,"date":"2015-02-23T13:33:37","date_gmt":"2015-02-23T11:33:37","guid":{"rendered":"https:\/\/flamaecol.sk\/produkt\/krbovekachlelanordicagemma-2\/"},"modified":"2025-01-20T16:56:29","modified_gmt":"2025-01-20T14:56:29","slug":"krbovekachlelanordicagemma-2","status":"publish","type":"product","link":"https:\/\/flamaecol.sk\/en\/produkt\/krbovekachlelanordicagemma-2\/","title":{"rendered":"La Nordica Gemma Elegance"},"content":{"rendered":"<h2>Krbov\u00e9 kachle La Nordica Gemma Elegance<\/h2>\n<div><\/div>\n<div>Najnov\u0161ie mal\u00e9 krbov\u00e9 kachle Gemma 6 kW \u00a0 maj\u00fa trojstup\u0148ov\u00e9 spa\u013eovanie vyroben\u00e9 s\u00fa z liatiny s kach\u013eov\u00fdm obkladom.<\/div>\n<div>Ve\u013ek\u00fd v\u00fdber farieb kach\u013eov\u00fdch stien s fantasticky \u010dist\u00fdm horen\u00edm.<\/div>\n<div><\/div>\n<div>Mal\u00e9, dvojpl\u00e1\u0161\u0165ov\u00e9 liatinov\u00e9 kachle s v\u00fdkonom 6 kW, s ohrievacou plat\u0148ou a kach\u013eov\u00fdmi bokmi. Oto\u010dn\u00fd ro\u0161t, ohnisko z delen\u00fdch dosiek, dvierka, podstavec a plat\u0148a s\u00fa vyroben\u00e9 z liatiny.<\/div>\n<div>Vysok\u00e1 mechanick\u00e1 a \u017eiarov\u00e1 odolnos\u0165 s\u00fa garanciou pre dlhodob\u00fd a bezpe\u010dn\u00fa prev\u00e1dzku. V\u00fdsuvn\u00fd popoln\u00edk umo\u017e\u0148uje vysypanie popola aj po nieko\u013ek\u00fdch d\u0148och.<\/div>\n<div>Ve\u013emi jednoduch\u00e1 regul\u00e1cia horenia prim\u00e1rn\u00e1rneho a sekund\u00e1rneho vzduchu s automatickou regul\u00e1ciou terci\u00e1rneho vzduchu je vhodn\u00e1 aj pre star\u0161\u00edch \u013eud\u00ed.<\/div>\n<div>Syst\u00e9m zv\u00fd\u0161en\u00e9ho pr\u00fadenia tepla medzi pl\u00e1\u0161\u0165ami zlep\u0161uje rovnomern\u00e9 ohriatie miestnosti s mo\u017enos\u0165ou prenosu tepla i do ved\u013eaj\u0161\u00edch miestnost\u00ed cez otvoren\u00e9 dvere.<\/div>\n<div>Sk\u00fasenosti firmy Nordica sa dokonale preuk\u00e1zali vo vysokej \u00fa\u010dinnosti cez 82% a \u010distote odch\u00e1dzaj\u00faceho dymu obsahuj\u00faceho CO iba 0,09%.<\/div>\n<div>N\u00edzka spotreba dreva a mal\u00e9 zan\u00e1\u0161anie dymovodov a kom\u00edna \u0161etr\u00ed Va\u0161e peniaze.<\/div>\n<div><\/div>\n<div>Ve\u013ek\u00e9 mno\u017estvo farieb a kach\u013eov\u00fdch designov predstavuje ve\u013ek\u00fa variabilitu za\u010dlenenie do Va\u0161ho zariadenia interi\u00e9ru.<\/div>\n<div>Pou\u017eitie ako na trval\u00e9 tak aj prechodn\u00e9 obdobie.<\/div>\n<div><br class=\"avia-permanent-lb\" \/><br class=\"avia-permanent-lb\" \/><\/div>\n<div>TECHNICK\u00c9 PARAMETRE<\/div>\n<div><\/div>\n<div>Menovit\u00fd v\u00fdkon do vzduchu: 6 kW<\/div>\n<div>Menovit\u00fd v\u00fdkon do vody: &#8211;<\/div>\n<div>Maxim\u00e1lna hodinov\u00e1 spotreba dreva: 1,7 kg \/ h<\/div>\n<div>Priemer dymovodu: 120 mm<\/div>\n<div>V\u00fdvod dymovodu: Horn\u00e9<\/div>\n<div>\u00da\u010dinnos\u0165: 82,2%<\/div>\n<div>Hmotnos\u0165: 85 kg<\/div>\n<div>V\u00fdhrevnos\u0165 priestoru pri zateplen\u00ed 50W \/ 1m\u00b3: 172 m\u00b3<\/div>\n<div>Priemer r\u00fary pre pr\u00edvod extern\u00e9ho vzduchu: &#8211;<\/div>\n<div>V\u00fd\u0161ka: 840 mm<\/div>\n<div>\u0160\u00edrka: 460 mm<\/div>\n<div>H\u013abka: 495 mm<\/div>\n<div>Typ spa\u013eovania: Trojstup\u0148ov\u00e9<\/div>\n<div>Obklad: Kachle Bord\u00f3, Biela Infinity ,Liberty<\/div>\n<div>Kon\u0161trukcie spa\u013eovacieho priestoru: Liatina<\/div>\n<div>Typ ro\u0161tu: Oto\u010dn\u00fd<\/div>\n<div>Popoln\u00edk: Vyberate\u013en\u00fd<\/div>\n<div>Ve\u013ekos\u0165 polien: 300 mm<\/div>\n<div>Rozmer vstupn\u00e9ho otvoru do spa\u013eovacieho priestoru: 220&#215;215 mm<\/div>\n<div>Rozmery spa\u013eovacieho priestoru: 370x220x290 mm<\/div>\n<div>Prenos tepla: Konvek\u010dn\u00e9<\/div>\n","protected":false},"excerpt":{"rendered":"<p>Mal\u00e9, dvojpl\u00e1\u0161\u0165ov\u00e9 liatinov\u00e9 kachle s v\u00fdkonom 6 kW La Nordica Gemma Elegance s ohrievacou plat\u0148ou a kach\u013eov\u00fdmi bokmi od renomovan\u00e9ho taliansk\u00e9ho v\u00fdrobcu.<\/p>\n","protected":false},"featured_media":1641,"comment_status":"closed","ping_status":"closed","template":"","meta":[],"product_brand":[],"product_cat":[201,205,263],"product_tag":[],"class_list":{"0":"post-1656","1":"product","2":"type-product","3":"status-publish","4":"has-post-thumbnail","6":"product_cat-krbove-kachle","7":"product_cat-nordica-krbove-kachle","8":"product_cat-akcie","10":"first","11":"instock","12":"taxable","13":"shipping-taxable","14":"purchasable","15":"product-type-simple"},"_links":{"self":[{"href":"https:\/\/flamaecol.sk\/en\/wp-json\/wp\/v2\/product\/1656","targetHints":{"allow":["GET"]}}],"collection":[{"href":"https:\/\/flamaecol.sk\/en\/wp-json\/wp\/v2\/product"}],"about":[{"href":"https:\/\/flamaecol.sk\/en\/wp-json\/wp\/v2\/types\/product"}],"replies":[{"embeddable":true,"href":"https:\/\/flamaecol.sk\/en\/wp-json\/wp\/v2\/comments?post=1656"}],"wp:featuredmedia":[{"embeddable":true,"href":"https:\/\/flamaecol.sk\/en\/wp-json\/wp\/v2\/media\/1641"}],"wp:attachment":[{"href":"https:\/\/flamaecol.sk\/en\/wp-json\/wp\/v2\/media?parent=1656"}],"wp:term":[{"taxonomy":"product_brand","embeddable":true,"href":"https:\/\/flamaecol.sk\/en\/wp-json\/wp\/v2\/product_brand?post=1656"},{"taxonomy":"product_cat","embeddable":true,"href":"https:\/\/flamaecol.sk\/en\/wp-json\/wp\/v2\/product_cat?post=1656"},{"taxonomy":"product_tag","embeddable":true,"href":"https:\/\/flamaecol.sk\/en\/wp-json\/wp\/v2\/product_tag?post=1656"}],"curies":[{"name":"wp","href":"https:\/\/api.w.org\/{rel}","templated":true}]}}

<h2>Krbové kachle La Nordica Gemma Elegance</h2>
<div></div>
<div>Najnovšie malé krbové kachle Gemma 6 kW   majú trojstupňové spaľovanie vyrobené sú z liatiny s kachľovým obkladom.</div>
<div>Veľký výber farieb kachľových stien s fantasticky čistým horením.</div>
<div></div>
<div>Malé, dvojplášťové liatinové kachle s výkonom 6 kW, s ohrievacou platňou a kachľovými bokmi. Otočný rošt, ohnisko z delených dosiek, dvierka, podstavec a platňa sú vyrobené z liatiny.</div>
<div>Vysoká mechanická a žiarová odolnosť sú garanciou pre dlhodobý a bezpečnú prevádzku. Výsuvný popolník umožňuje vysypanie popola aj po niekoľkých dňoch.</div>
<div>Veľmi jednoduchá regulácia horenia primárnárneho a sekundárneho vzduchu s automatickou reguláciou terciárneho vzduchu je vhodná aj pre starších ľudí.</div>
<div>Systém zvýšeného prúdenia tepla medzi plášťami zlepšuje rovnomerné ohriatie miestnosti s možnosťou prenosu tepla i do vedľajších miestností cez otvorené dvere.</div>
<div>Skúsenosti firmy Nordica sa dokonale preukázali vo vysokej účinnosti cez 82% a čistote odchádzajúceho dymu obsahujúceho CO iba 0,09%.</div>
<div>Nízka spotreba dreva a malé zanášanie dymovodov a komína šetrí Vaše peniaze.</div>
<div></div>
<div>Veľké množstvo farieb a kachľových designov predstavuje veľkú variabilitu začlenenie do Vašho zariadenia interiéru.</div>
<div>Použitie ako na trvalé tak aj prechodné obdobie.</div>
<div><br class="avia-permanent-lb" /><br class="avia-permanent-lb" /></div>
<div>TECHNICKÉ PARAMETRE</div>
<div></div>
<div>Menovitý výkon do vzduchu: 6 kW</div>
<div>Menovitý výkon do vody: &#8211;</div>
<div>Maximálna hodinová spotreba dreva: 1,7 kg / h</div>
<div>Priemer dymovodu: 120 mm</div>
<div>Vývod dymovodu: Horné</div>
<div>Účinnosť: 82,2%</div>
<div>Hmotnosť: 85 kg</div>
<div>Výhrevnosť priestoru pri zateplení 50W / 1m³: 172 m³</div>
<div>Priemer rúry pre prívod externého vzduchu: &#8211;</div>
<div>Výška: 840 mm</div>
<div>Šírka: 460 mm</div>
<div>Hĺbka: 495 mm</div>
<div>Typ spaľovania: Trojstupňové</div>
<div>Obklad: Kachle Bordó, Biela Infinity ,Liberty</div>
<div>Konštrukcie spaľovacieho priestoru: Liatina</div>
<div>Typ roštu: Otočný</div>
<div>Popolník: Vyberateľný</div>
<div>Veľkosť polien: 300 mm</div>
<div>Rozmer vstupného otvoru do spaľovacieho priestoru: 220&#215;215 mm</div>
<div>Rozmery spaľovacieho priestoru: 370x220x290 mm</div>
<div>Prenos tepla: Konvekčné</div>

<p>Malé, dvojplášťové liatinové kachle s výkonom 6 kW La Nordica Gemma Elegance s ohrievacou platňou a kachľovými bokmi od renomovaného talianského výrobcu.</p>
