{"id":1598,"date":"2015-02-21T21:06:06","date_gmt":"2015-02-21T19:06:06","guid":{"rendered":"https:\/\/flamaecol.sk\/produkt\/krbovekachlelanordicagaiaforno\/"},"modified":"2025-01-27T13:05:59","modified_gmt":"2025-01-27T11:05:59","slug":"krbovekachlelanordicagaiaforno","status":"publish","type":"product","link":"https:\/\/flamaecol.sk\/en\/produkt\/krbovekachlelanordicagaiaforno\/","title":{"rendered":"La Nordica Gaia s r\u00farou"},"content":{"rendered":"<h4>Krbov\u00e9 kachle La Nordica Gaia s r\u00farou<\/h4>\n<p>&nbsp;<\/p>\n<div>V ponuke posledn\u00fd kus vo farbe pergamena!<\/div>\n<div>Kr\u00e1sne mal\u00e9 kach\u013eov\u00e9 pece, kedy sa podarilo vyladi\u0165 spa\u013eovanie a\u017e k \u00fa\u010dinnosti 82%. Klasick\u00e9 prevedenie s dvoma dvierkami, jedne prikladacie a jedne na popoln\u00edk s mal\u00fdmi odde\u013eovac\u00edmi kachli\u010dkami. Najnov\u0161i\u00ed sp\u00f4sob trojit\u00e9ho spa\u013eovania dreva udr\u017eiava ve\u013ea tepla v kachliach, m\u00e1lo zne\u010dis\u0165uje sklo a dymov\u00e9 cesty.Doplnen\u00edm o funk\u010dn\u00fa r\u00faru vznikla vy\u0161\u0161ia kon\u0161trukcia s e\u0161te vy\u0161\u0161ou hmotnos\u0165ou s roz\u0161\u00edrenou funk\u010dnos\u0165ou. Pri poh\u013eade na obr\u00e1zok sa mus\u00ed ka\u017ed\u00e9mu p\u00e1\u010di\u0165 ako kachle vyzeraj\u00fa v interi\u00e9ri aj detail preveden\u00ed vo farbe pergamena alebo bord\u00f3. Farebn\u00e1 varianta vo farbe capucino je tie\u017e ve\u013emi ob\u013e\u00faben\u00e1.<\/div>\n<div><\/div>\n<div>Mas\u00edvna dvojpl\u00e1\u0161\u0165ov\u00e1 kon\u0161trukcia m\u00e1 vn\u00fatorn\u00fd korpus z pozinkovanej ocele. T\u00e1to ochrana \u00faplne vylu\u010duje hrdzavenie a rad\u00ed je v tomto smere medzi nezni\u010dite\u013en\u00e9 .Vn\u00fatri s\u00fa vlo\u017een\u00e9 na seba jednotliv\u00e9 liatinov\u00e9 platne vyp\u013a\u0148aj\u00face cel\u00fd spa\u013eovac\u00ed priestor. Vn\u00fatorn\u00e9 vr\u00fabkovanie liatiny m\u00e1 vplyv na horenie a zamedzuje praskanie. Oto\u010dn\u00fd liatinov\u00fd ro\u0161t a popoln\u00edk umo\u017e\u0148uj\u00fa dlhodob\u00e9 k\u00farenie bez vyhasnutie. V hornej \u010dasti ohnisko, pred v\u00fdstupom do kom\u00edna s\u00fa vlo\u017een\u00e9 dva deflektory. Tie maj\u00fa za \u00falohu jednak obmedzi\u0165 plamene do kom\u00edna ale aj zlep\u0161i\u0165 priebeh dohorenia plynov z dreva. Ovl\u00e1danie pri k\u00farenie je ve\u013emi jednoduch\u00e9. zakuruje sa otvoren\u00edm spodn\u00e9ho (prim\u00e1rneho) vzduchu pos\u00fava\u010dom alebo kolieskom na dvierkach.<\/div>\n<div><\/div>\n<div>Vzduch pod ro\u0161t u\u013eah\u010duje zakurovanie do studen\u00e9ho kom\u00edna! Po zak\u00faren\u00ed a nahriat\u00ed kachl\u00ed sa tento vzduch mus\u00ed uzavrie\u0165 a za\u010dne p\u00f4sobi\u0165 vzduch druh\u00fd (sekund\u00e1rny). Tento vzduch prech\u00e1dza liatinov\u00fdm n\u00e1stavcami vn\u00fatri ohniska, kde je pre vzduch vytvoren\u00fd labyrint pre maxim\u00e1lny ohrev. Takto hor\u00faci vzduch je vyfukovan\u00fd \u0161trbinou v hornej \u010dasti skla dvierok a t\u00fdm zamedzuje usadzovaniu sadz\u00ed. Druhou hlavnou funkciou je zlu\u010dovanie s plynmi uvo\u013enen\u00fdmi z dreva. Tomu sa hovor\u00ed dvojit\u00e9 ekologick\u00e9 horenie. Pre e\u0161te lep\u0161iu horenia a \u010distotu skla m\u00e1 Nordica zabudovan\u00fd automatick\u00fd tret\u00ed vzduch (terci\u00e1rny) v zadnej \u010dasti ohniska. Pr\u00e1ve t\u00e1to kon\u0161trukcia m\u00e1 jedine\u010dn\u00e9 vlastnosti na prev\u00e1dzku a jednoduch\u00fa obsluhu.<\/div>\n<div><\/div>\n<div>Ve\u013ekou prednos\u0165ou je tie\u017e, \u017ee nas\u00e1vacie otvory do druh\u00e9ho pl\u00e1\u0161\u0165a s\u00fa pri podlahe a pri dlh\u0161om k\u00farenie sa tepl\u00fd vzduch vystupuj\u00faci ku platni ohreje bez akejko\u013evek potrebnej energie a dostane sa aj do vzdialen\u00fdch miest od kachl\u00ed. Mas\u00edvne kachle s oce\u013eovo-liatinovou kon\u0161trukciou korpusu s\u00fa ve\u013emi \u0165a\u017ek\u00e9 a v\u00e1ha dosahuje 186 kg.<\/div>\n<div>Toto eliminuje kol\u00edsanie tepla navonok pri prikladan\u00ed a po vyhasnut\u00ed s\u00fa tepl\u00e1 e\u0161te nejak\u00fa dobu. T\u00fdm, \u017ee s\u00fa v\u0161etky hor\u00face diely ukryt\u00e9 pod kach\u013eov\u00fdm obkladom zni\u017euje mo\u017enos\u0165 pop\u00e1lenia.<\/div>\n<div><br class=\"avia-permanent-lb\" \/><br class=\"avia-permanent-lb\" \/><\/div>\n<div>TECHNICK\u00c9 PARAMETRE<\/div>\n<div><\/div>\n<div>Menovit\u00fd v\u00fdkon do vzduchu: 6 kW<\/div>\n<div>Menovit\u00fd v\u00fdkon do vody: &#8211;<\/div>\n<div>Maxim\u00e1lna hodinov\u00e1 spotreba dreva: 1,7 kg \/ h<\/div>\n<div>Priemer dymovodu: 120 mm<\/div>\n<div>V\u00fdvod dymovodu: Horn\u00e9<\/div>\n<div>\u00da\u010dinnos\u0165: 82%<\/div>\n<div>Hmotnos\u0165: 186 kg<\/div>\n<div>V\u00fdhrevnos\u0165 priestoru pri zateplen\u00ed 50W \/ 1m\u00b3: 172 m\u00b3<\/div>\n<div>Priemer r\u00fary pre pr\u00edvod extern\u00e9ho vzduchu: &#8211;<\/div>\n<div>V\u00fd\u0161ka: 1331 mm<\/div>\n<div>\u0160\u00edrka: 495 mm<\/div>\n<div>H\u013abka: 468 mm<\/div>\n<div>Typ spa\u013eovania: Trojstup\u0148ov\u00e9<\/div>\n<div>Obklad: Keramika<\/div>\n<div>Kon\u0161trukcie spa\u013eovacieho priestoru: Liatina<\/div>\n<div>Typ ro\u0161tu: Oto\u010dn\u00fd<\/div>\n<div>Popoln\u00edk: Vyberate\u013en\u00fd<\/div>\n<div>Ve\u013ekos\u0165 polien: 300 mm<\/div>\n<div>Rozmer vstupn\u00e9ho otvoru do spa\u013eovacieho priestoru: 210&#215;255 mm<\/div>\n<div>Rozmery spa\u013eovacieho priestoru: 370x273x300 mm<\/div>\n<div>Prenos tepla: Konvek\u010dn\u00e9+s\u00e1lan\u00edm<\/div>\n","protected":false},"excerpt":{"rendered":"<p>V ponuke posledn\u00fd kus vo farbe pergamena!<\/p>\n","protected":false},"featured_media":1590,"comment_status":"closed","ping_status":"closed","template":"","meta":[],"product_brand":[],"product_cat":[201,205,263],"product_tag":[],"class_list":{"0":"post-1598","1":"product","2":"type-product","3":"status-publish","4":"has-post-thumbnail","6":"product_cat-krbove-kachle","7":"product_cat-nordica-krbove-kachle","8":"product_cat-akcie","10":"first","11":"instock","12":"sale","13":"taxable","14":"shipping-taxable","15":"purchasable","16":"product-type-simple"},"_links":{"self":[{"href":"https:\/\/flamaecol.sk\/en\/wp-json\/wp\/v2\/product\/1598","targetHints":{"allow":["GET"]}}],"collection":[{"href":"https:\/\/flamaecol.sk\/en\/wp-json\/wp\/v2\/product"}],"about":[{"href":"https:\/\/flamaecol.sk\/en\/wp-json\/wp\/v2\/types\/product"}],"replies":[{"embeddable":true,"href":"https:\/\/flamaecol.sk\/en\/wp-json\/wp\/v2\/comments?post=1598"}],"wp:featuredmedia":[{"embeddable":true,"href":"https:\/\/flamaecol.sk\/en\/wp-json\/wp\/v2\/media\/1590"}],"wp:attachment":[{"href":"https:\/\/flamaecol.sk\/en\/wp-json\/wp\/v2\/media?parent=1598"}],"wp:term":[{"taxonomy":"product_brand","embeddable":true,"href":"https:\/\/flamaecol.sk\/en\/wp-json\/wp\/v2\/product_brand?post=1598"},{"taxonomy":"product_cat","embeddable":true,"href":"https:\/\/flamaecol.sk\/en\/wp-json\/wp\/v2\/product_cat?post=1598"},{"taxonomy":"product_tag","embeddable":true,"href":"https:\/\/flamaecol.sk\/en\/wp-json\/wp\/v2\/product_tag?post=1598"}],"curies":[{"name":"wp","href":"https:\/\/api.w.org\/{rel}","templated":true}]}}

La Nordica Gaia s rúrou

<h4>Krbové kachle La Nordica Gaia s rúrou</h4>
<p>&nbsp;</p>
<div>V ponuke posledný kus vo farbe pergamena!</div>
<div>Krásne malé kachľové pece, kedy sa podarilo vyladiť spaľovanie až k účinnosti 82%. Klasické prevedenie s dvoma dvierkami, jedne prikladacie a jedne na popolník s malými oddeľovacími kachličkami. Najnovšií spôsob trojitého spaľovania dreva udržiava veľa tepla v kachliach, málo znečisťuje sklo a dymové cesty.Doplnením o funkčnú rúru vznikla vyššia konštrukcia s ešte vyššou hmotnosťou s rozšírenou funkčnosťou. Pri pohľade na obrázok sa musí každému páčiť ako kachle vyzerajú v interiéri aj detail prevedení vo farbe pergamena alebo bordó. Farebná varianta vo farbe capucino je tiež veľmi obľúbená.</div>
<div></div>
<div>Masívna dvojplášťová konštrukcia má vnútorný korpus z pozinkovanej ocele. Táto ochrana úplne vylučuje hrdzavenie a radí je v tomto smere medzi nezničiteľné .Vnútri sú vložené na seba jednotlivé liatinové platne vypĺňajúce celý spaľovací priestor. Vnútorné vrúbkovanie liatiny má vplyv na horenie a zamedzuje praskanie. Otočný liatinový rošt a popolník umožňujú dlhodobé kúrenie bez vyhasnutie. V hornej časti ohnisko, pred výstupom do komína sú vložené dva deflektory. Tie majú za úlohu jednak obmedziť plamene do komína ale aj zlepšiť priebeh dohorenia plynov z dreva. Ovládanie pri kúrenie je veľmi jednoduché. zakuruje sa otvorením spodného (primárneho) vzduchu posúvačom alebo kolieskom na dvierkach.</div>
<div></div>
<div>Vzduch pod rošt uľahčuje zakurovanie do studeného komína! Po zakúrení a nahriatí kachlí sa tento vzduch musí uzavrieť a začne pôsobiť vzduch druhý (sekundárny). Tento vzduch prechádza liatinovým nástavcami vnútri ohniska, kde je pre vzduch vytvorený labyrint pre maximálny ohrev. Takto horúci vzduch je vyfukovaný štrbinou v hornej časti skla dvierok a tým zamedzuje usadzovaniu sadzí. Druhou hlavnou funkciou je zlučovanie s plynmi uvoľnenými z dreva. Tomu sa hovorí dvojité ekologické horenie. Pre ešte lepšiu horenia a čistotu skla má Nordica zabudovaný automatický tretí vzduch (terciárny) v zadnej časti ohniska. Práve táto konštrukcia má jedinečné vlastnosti na prevádzku a jednoduchú obsluhu.</div>
<div></div>
<div>Veľkou prednosťou je tiež, že nasávacie otvory do druhého plášťa sú pri podlahe a pri dlhšom kúrenie sa teplý vzduch vystupujúci ku platni ohreje bez akejkoľvek potrebnej energie a dostane sa aj do vzdialených miest od kachlí. Masívne kachle s oceľovo-liatinovou konštrukciou korpusu sú veľmi ťažké a váha dosahuje 186 kg.</div>
<div>Toto eliminuje kolísanie tepla navonok pri prikladaní a po vyhasnutí sú teplá ešte nejakú dobu. Tým, že sú všetky horúce diely ukryté pod kachľovým obkladom znižuje možnosť popálenia.</div>
<div><br class="avia-permanent-lb" /><br class="avia-permanent-lb" /></div>
<div>TECHNICKÉ PARAMETRE</div>
<div></div>
<div>Menovitý výkon do vzduchu: 6 kW</div>
<div>Menovitý výkon do vody: &#8211;</div>
<div>Maximálna hodinová spotreba dreva: 1,7 kg / h</div>
<div>Priemer dymovodu: 120 mm</div>
<div>Vývod dymovodu: Horné</div>
<div>Účinnosť: 82%</div>
<div>Hmotnosť: 186 kg</div>
<div>Výhrevnosť priestoru pri zateplení 50W / 1m³: 172 m³</div>
<div>Priemer rúry pre prívod externého vzduchu: &#8211;</div>
<div>Výška: 1331 mm</div>
<div>Šírka: 495 mm</div>
<div>Hĺbka: 468 mm</div>
<div>Typ spaľovania: Trojstupňové</div>
<div>Obklad: Keramika</div>
<div>Konštrukcie spaľovacieho priestoru: Liatina</div>
<div>Typ roštu: Otočný</div>
<div>Popolník: Vyberateľný</div>
<div>Veľkosť polien: 300 mm</div>
<div>Rozmer vstupného otvoru do spaľovacieho priestoru: 210&#215;255 mm</div>
<div>Rozmery spaľovacieho priestoru: 370x273x300 mm</div>
<div>Prenos tepla: Konvekčné+sálaním</div>

<p>V ponuke posledný kus vo farbe pergamena!</p>
